{"id":632,"date":"2014-12-21T15:25:27","date_gmt":"2014-12-21T14:25:27","guid":{"rendered":"http:\/\/neu.kredit-vergleich24.com\/?page_id=632"},"modified":"2017-09-11T18:33:34","modified_gmt":"2017-09-11T17:33:34","slug":"targobank","status":"publish","type":"page","link":"http:\/\/www.das-elena-verfahren.de\/kreditvergleich\/targobank\/","title":{"rendered":"Targobank"},"content":{"rendered":"<p><img loading=\"lazy\" decoding=\"async\" src=\"http:\/\/www.das-elena-verfahren.de\/kreditvergleich\/wp-content\/uploads\/targobank.png\" alt=\"Targobank\" width=\"1024\" height=\"154\" class=\"aligncenter size-full wp-image-895 logogross\" srcset=\"http:\/\/www.das-elena-verfahren.de\/kreditvergleich\/wp-content\/uploads\/targobank.png 1024w, http:\/\/www.das-elena-verfahren.de\/kreditvergleich\/wp-content\/uploads\/targobank-300x45.png 300w\" sizes=\"auto, (max-width: 1024px) 100vw, 1024px\" \/><\/p>\n<div id=\"ez-toc-container\" class=\"ez-toc-v2_0_72 counter-hierarchy ez-toc-counter ez-toc-custom ez-toc-container-direction\">\n<p class=\"ez-toc-title\" style=\"cursor:inherit\">Inhaltsverzeichnis<\/p>\n<label for=\"ez-toc-cssicon-toggle-item-6a049905913d5\" class=\"ez-toc-cssicon-toggle-label\"><span class=\"\"><span class=\"eztoc-hide\" style=\"display:none;\">Toggle<\/span><span class=\"ez-toc-icon-toggle-span\"><svg style=\"fill: #ff6600;color:#ff6600\" xmlns=\"http:\/\/www.w3.org\/2000\/svg\" class=\"list-377408\" width=\"20px\" height=\"20px\" viewBox=\"0 0 24 24\" fill=\"none\"><path d=\"M6 6H4v2h2V6zm14 0H8v2h12V6zM4 11h2v2H4v-2zm16 0H8v2h12v-2zM4 16h2v2H4v-2zm16 0H8v2h12v-2z\" fill=\"currentColor\"><\/path><\/svg><svg style=\"fill: #ff6600;color:#ff6600\" class=\"arrow-unsorted-368013\" xmlns=\"http:\/\/www.w3.org\/2000\/svg\" width=\"10px\" height=\"10px\" viewBox=\"0 0 24 24\" version=\"1.2\" baseProfile=\"tiny\"><path d=\"M18.2 9.3l-6.2-6.3-6.2 6.3c-.2.2-.3.4-.3.7s.1.5.3.7c.2.2.4.3.7.3h11c.3 0 .5-.1.7-.3.2-.2.3-.5.3-.7s-.1-.5-.3-.7zM5.8 14.7l6.2 6.3 6.2-6.3c.2-.2.3-.5.3-.7s-.1-.5-.3-.7c-.2-.2-.4-.3-.7-.3h-11c-.3 0-.5.1-.7.3-.2.2-.3.5-.3.7s.1.5.3.7z\"\/><\/svg><\/span><\/span><\/label><input type=\"checkbox\"  id=\"ez-toc-cssicon-toggle-item-6a049905913d5\"  aria-label=\"Toggle\" \/><nav><ul class='ez-toc-list ez-toc-list-level-1 ' ><li class='ez-toc-page-1 ez-toc-heading-level-2'><a class=\"ez-toc-link ez-toc-heading-1\" href=\"http:\/\/www.das-elena-verfahren.de\/kreditvergleich\/targobank\/#kredite-der-targobank\" title=\"Kredite der Targobank\">Kredite der Targobank<\/a><ul class='ez-toc-list-level-3' ><li class='ez-toc-heading-level-3'><a class=\"ez-toc-link ez-toc-heading-2\" href=\"http:\/\/www.das-elena-verfahren.de\/kreditvergleich\/targobank\/#allgemeine-informationen-zum-targobank\" title=\"Allgemeine Informationen zum Targobank\">Allgemeine Informationen zum Targobank<\/a><\/li><li class='ez-toc-page-1 ez-toc-heading-level-3'><a class=\"ez-toc-link ez-toc-heading-3\" href=\"http:\/\/www.das-elena-verfahren.de\/kreditvergleich\/targobank\/#anschrift-und-geschaeftsinformationen-zur-targobank\" title=\"Anschrift und Gesch\u00e4ftsinformationen zur Targobank\">Anschrift und Gesch\u00e4ftsinformationen zur Targobank<\/a><\/li><\/ul><\/li><\/ul><\/nav><\/div>\n<h2><span class=\"ez-toc-section\" id=\"kredite-der-targobank\"><\/span>Kredite der Targobank<span class=\"ez-toc-section-end\"><\/span><\/h2>\n<p>Die Targobank geh\u00f6rt zu den \u00e4ltesten und gr\u00f6\u00dften Privatkundenbanken Deutschlands, die demnach auch ein entsprechend gro\u00dfes Angebot an Finanzprodukten aufweist. Insbesondere die Online-Kredite sind an dieser Stelle hervorzuheben. Es gibt insgesamt folgende Darlehen, die direkt online beantragt werden k\u00f6nnen:<\/p>\n<ul>\n<li>Online-Kredit (Standard)<\/li>\n<li>Online-Autokredit<\/li>\n<li>Online-Wohnkredit<\/li>\n<\/ul>\n<p>Der <a href=\"http:\/\/www.das-elena-verfahren.de\/kreditvergleich\/onlinekredit\/\" title=\"Online-Kredit\">Online-Kredit<\/a>, der zugleich als klassisches Darlehen der Targobank deklariert wird, begeistert insbesondere mit seiner unkomplizierten Beantragung und der Verwendungsfreiheit. Der <a href=\"http:\/\/www.das-elena-verfahren.de\/kreditvergleich\/autokredit\/\" title=\"Online-Autokredit\">Online-Autokredit<\/a> ist optimal f\u00fcr all jene, die ein neues oder gebrauchtes Auto erwerben m\u00f6chten ohne in finanzielle Schwierigkeiten zu geraten. Auch der Online-Wohnkredit weist unz\u00e4hlige Vorteile auf. So k\u00f6nnen potenzielle Kreditnehmer mit diesem Darlehen Renovierungen vornehmen oder mit einer schnellen Finanzierung das Eigenheim umstrukturieren.<\/p>\n<p>Dar\u00fcber hinaus gibt es noch viele weitere Kredite, etwa die bereits mehrfach ausgezeichnete Baufinanzierung oder auch der KfW-Studienkredit, den die Targobank als eines der wenigen Kreditinstitute in Deutschland bewirbt. Der KfW-Studienkredit ist optimal f\u00fcr all jene, die sich ihr Studium an Privatuniversit\u00e4ten leisten wollen ohne in dieser ernsten und zukunftsorientierenden Zeit neben dem Studium arbeiten m\u00fcssen bzw. in finanzielle Probleme kommen m\u00f6chten. Alle Kredite der Targobank sind in unserem <a href=\"http:\/\/www.das-elena-verfahren.de\/kreditvergleich\/\" title=\"Vergleich\">Vergleich<\/a> integriert und online beantragbar.<\/p>\n<div class=\"vornach\">\n<div class=\"vorteil\">\n<div class=\"vplus\">+<\/div>\n<ul>\n<li>Bekannte Bank f\u00fcr Privatkunden<\/li>\n<li>Kooperation mit Media Markt<\/li>\n<li>Kooperation mit Saturn<\/li>\n<li>Gro\u00dfe Produktvielfalt<\/li>\n<li>Transparente Angebote<\/li>\n<li>Hoher Bekanntheitsgrad<\/li>\n<li>Z\u00fcgige Kreditabwicklung<\/li>\n<li>Mehrfach ausgezeichnet<\/li>\n<\/ul>\n<\/div>\n<div class=\"nachteil\">\n<div class=\"vminus\">&#8211;<\/div>\n<ul>\n<li>Wenige Angebote f\u00fcr Businesskunden<\/li>\n<li>Strikter Check der Bonit\u00e4t<\/li>\n<\/ul>\n<\/div>\n<\/div>\n<div style=\"clear:both;\"><\/div>\n<h3><span class=\"ez-toc-section\" id=\"allgemeine-informationen-zum-targobank\"><\/span>Allgemeine Informationen zum Targobank<span class=\"ez-toc-section-end\"><\/span><\/h3>\n<p>Die Targobank stellt urspr\u00fcnglich das deutsche Kreditinstitut f\u00fcr Privatkunden der Citibank dar. Im Dezember 2008 verkaufte die Citibank ihren deutschen Arm an die franz\u00f6sische Cr\u00e9dit Mutuel. Diese benannte das Kreditinstitut in ihren heutigen Namen um. Bekannt ist die Targobank deutschlandweit insbesondere aufgrund ihrer intensiven Sponsoring Aktivit\u00e4ten. So verf\u00fcgt sie \u00fcber einen Sponsorenvertrag mit Werder Bremen, der von der Citibank unterschrieben wurde. Das Kreditinstitut hat seinen Hauptsitz in D\u00fcsseldorf. Hier und insgesamt 251 Gesch\u00e4ftsstellen  besch\u00e4ftigt die Targobank mehr als 6.800 Mitarbeiter.<\/p>\n<h3><span class=\"ez-toc-section\" id=\"anschrift-und-geschaeftsinformationen-zur-targobank\"><\/span>Anschrift und Gesch\u00e4ftsinformationen zur Targobank<span class=\"ez-toc-section-end\"><\/span><\/h3>\n<ul>\n<li>Anschrift: TARGOBANK AG &#038; Co. KGaA, Kasernenstr. 10, D-40213 D\u00fcsseldorf<\/li>\n<li>Mail: kontakt@targobank.de<\/li>\n<li>Internet: https:\/\/www.targobank.de\/<\/li>\n<li>BLZ: 300 209 00<\/li>\n<li>BIC: CMCI DEDD XXX<\/li>\n<li>Gesch\u00e4ftsf\u00fchrer: Franz Josef Nick<\/li>\n<li>Handelsregister: Amtsgericht D\u00fcsseldorf, HRB 48380<\/li>\n<li>Umsatzsteuer-ID: DE 811285485<\/li>\n<\/ul>\n","protected":false},"excerpt":{"rendered":"<p>Kredite der Targobank Die Targobank geh\u00f6rt zu den \u00e4ltesten und gr\u00f6\u00dften Privatkundenbanken Deutschlands, die demnach auch ein entsprechend gro\u00dfes Angebot an Finanzprodukten aufweist. Insbesondere die Online-Kredite sind an dieser Stelle hervorzuheben. Es gibt insgesamt folgende Darlehen, die direkt online beantragt werden k\u00f6nnen: Online-Kredit (Standard) Online-Autokredit Online-Wohnkredit Der Online-Kredit, der zugleich als klassisches Darlehen der Targobank [&hellip;]<\/p>\n","protected":false},"author":2,"featured_media":0,"parent":0,"menu_order":0,"comment_status":"open","ping_status":"closed","template":"","meta":{"_acf_changed":false,"footnotes":""},"class_list":["post-632","page","type-page","status-publish","hentry"],"acf":[],"yoast_head":"<!-- This site is optimized with the Yoast SEO plugin v24.6 - https:\/\/yoast.com\/wordpress\/plugins\/seo\/ -->\n<title>Kredite der Targobank<\/title>\n<meta name=\"robots\" content=\"index, follow, max-snippet:-1, max-image-preview:large, max-video-preview:-1\" \/>\n<link rel=\"canonical\" href=\"https:\/\/www.kredit-vergleich24.com\/targobank\/\" \/>\n<meta name=\"twitter:label1\" content=\"Gesch\u00e4tzte Lesezeit\" \/>\n\t<meta name=\"twitter:data1\" content=\"2\u00a0Minuten\" \/>\n<script type=\"application\/ld+json\" class=\"yoast-schema-graph\">{\"@context\":\"https:\/\/schema.org\",\"@graph\":[{\"@type\":\"WebPage\",\"@id\":\"http:\/\/www.das-elena-verfahren.de\/kreditvergleich\/targobank\/\",\"url\":\"https:\/\/www.kredit-vergleich24.com\/targobank\/\",\"name\":\"Kredite der Targobank\",\"isPartOf\":{\"@id\":\"http:\/\/www.das-elena-verfahren.de\/kreditvergleich\/#website\"},\"primaryImageOfPage\":{\"@id\":\"https:\/\/www.kredit-vergleich24.com\/targobank\/#primaryimage\"},\"image\":{\"@id\":\"https:\/\/www.kredit-vergleich24.com\/targobank\/#primaryimage\"},\"thumbnailUrl\":\"http:\/\/www.das-elena-verfahren.de\/kreditvergleich\/wp-content\/uploads\/targobank.png\",\"datePublished\":\"2014-12-21T14:25:27+00:00\",\"dateModified\":\"2017-09-11T17:33:34+00:00\",\"breadcrumb\":{\"@id\":\"https:\/\/www.kredit-vergleich24.com\/targobank\/#breadcrumb\"},\"inLanguage\":\"de\",\"potentialAction\":[{\"@type\":\"ReadAction\",\"target\":[\"https:\/\/www.kredit-vergleich24.com\/targobank\/\"]}]},{\"@type\":\"ImageObject\",\"inLanguage\":\"de\",\"@id\":\"https:\/\/www.kredit-vergleich24.com\/targobank\/#primaryimage\",\"url\":\"http:\/\/www.das-elena-verfahren.de\/kreditvergleich\/wp-content\/uploads\/targobank.png\",\"contentUrl\":\"http:\/\/www.das-elena-verfahren.de\/kreditvergleich\/wp-content\/uploads\/targobank.png\",\"width\":798,\"height\":120,\"caption\":\"Targobank\"},{\"@type\":\"BreadcrumbList\",\"@id\":\"https:\/\/www.kredit-vergleich24.com\/targobank\/#breadcrumb\",\"itemListElement\":[{\"@type\":\"ListItem\",\"position\":1,\"name\":\"Startseite\",\"item\":\"http:\/\/www.das-elena-verfahren.de\/kreditvergleich\/\"},{\"@type\":\"ListItem\",\"position\":2,\"name\":\"Targobank\"}]},{\"@type\":\"WebSite\",\"@id\":\"http:\/\/www.das-elena-verfahren.de\/kreditvergleich\/#website\",\"url\":\"http:\/\/www.das-elena-verfahren.de\/kreditvergleich\/\",\"name\":\"Kredit-Vergleich24.com\",\"description\":\"Kreditvergleich kostenlos\",\"potentialAction\":[{\"@type\":\"SearchAction\",\"target\":{\"@type\":\"EntryPoint\",\"urlTemplate\":\"http:\/\/www.das-elena-verfahren.de\/kreditvergleich\/?s={search_term_string}\"},\"query-input\":{\"@type\":\"PropertyValueSpecification\",\"valueRequired\":true,\"valueName\":\"search_term_string\"}}],\"inLanguage\":\"de\"}]}<\/script>\n<!-- \/ Yoast SEO plugin. -->","yoast_head_json":{"title":"Kredite der Targobank","robots":{"index":"index","follow":"follow","max-snippet":"max-snippet:-1","max-image-preview":"max-image-preview:large","max-video-preview":"max-video-preview:-1"},"canonical":"https:\/\/www.kredit-vergleich24.com\/targobank\/","twitter_misc":{"Gesch\u00e4tzte Lesezeit":"2\u00a0Minuten"},"schema":{"@context":"https:\/\/schema.org","@graph":[{"@type":"WebPage","@id":"http:\/\/www.das-elena-verfahren.de\/kreditvergleich\/targobank\/","url":"https:\/\/www.kredit-vergleich24.com\/targobank\/","name":"Kredite der Targobank","isPartOf":{"@id":"http:\/\/www.das-elena-verfahren.de\/kreditvergleich\/#website"},"primaryImageOfPage":{"@id":"https:\/\/www.kredit-vergleich24.com\/targobank\/#primaryimage"},"image":{"@id":"https:\/\/www.kredit-vergleich24.com\/targobank\/#primaryimage"},"thumbnailUrl":"http:\/\/www.das-elena-verfahren.de\/kreditvergleich\/wp-content\/uploads\/targobank.png","datePublished":"2014-12-21T14:25:27+00:00","dateModified":"2017-09-11T17:33:34+00:00","breadcrumb":{"@id":"https:\/\/www.kredit-vergleich24.com\/targobank\/#breadcrumb"},"inLanguage":"de","potentialAction":[{"@type":"ReadAction","target":["https:\/\/www.kredit-vergleich24.com\/targobank\/"]}]},{"@type":"ImageObject","inLanguage":"de","@id":"https:\/\/www.kredit-vergleich24.com\/targobank\/#primaryimage","url":"http:\/\/www.das-elena-verfahren.de\/kreditvergleich\/wp-content\/uploads\/targobank.png","contentUrl":"http:\/\/www.das-elena-verfahren.de\/kreditvergleich\/wp-content\/uploads\/targobank.png","width":798,"height":120,"caption":"Targobank"},{"@type":"BreadcrumbList","@id":"https:\/\/www.kredit-vergleich24.com\/targobank\/#breadcrumb","itemListElement":[{"@type":"ListItem","position":1,"name":"Startseite","item":"http:\/\/www.das-elena-verfahren.de\/kreditvergleich\/"},{"@type":"ListItem","position":2,"name":"Targobank"}]},{"@type":"WebSite","@id":"http:\/\/www.das-elena-verfahren.de\/kreditvergleich\/#website","url":"http:\/\/www.das-elena-verfahren.de\/kreditvergleich\/","name":"Kredit-Vergleich24.com","description":"Kreditvergleich kostenlos","potentialAction":[{"@type":"SearchAction","target":{"@type":"EntryPoint","urlTemplate":"http:\/\/www.das-elena-verfahren.de\/kreditvergleich\/?s={search_term_string}"},"query-input":{"@type":"PropertyValueSpecification","valueRequired":true,"valueName":"search_term_string"}}],"inLanguage":"de"}]}},"_links":{"self":[{"href":"http:\/\/www.das-elena-verfahren.de\/kreditvergleich\/wp-json\/wp\/v2\/pages\/632","targetHints":{"allow":["GET"]}}],"collection":[{"href":"http:\/\/www.das-elena-verfahren.de\/kreditvergleich\/wp-json\/wp\/v2\/pages"}],"about":[{"href":"http:\/\/www.das-elena-verfahren.de\/kreditvergleich\/wp-json\/wp\/v2\/types\/page"}],"author":[{"embeddable":true,"href":"http:\/\/www.das-elena-verfahren.de\/kreditvergleich\/wp-json\/wp\/v2\/users\/2"}],"replies":[{"embeddable":true,"href":"http:\/\/www.das-elena-verfahren.de\/kreditvergleich\/wp-json\/wp\/v2\/comments?post=632"}],"version-history":[{"count":0,"href":"http:\/\/www.das-elena-verfahren.de\/kreditvergleich\/wp-json\/wp\/v2\/pages\/632\/revisions"}],"wp:attachment":[{"href":"http:\/\/www.das-elena-verfahren.de\/kreditvergleich\/wp-json\/wp\/v2\/media?parent=632"}],"curies":[{"name":"wp","href":"https:\/\/api.w.org\/{rel}","templated":true}]}}