{"id":630,"date":"2014-12-21T15:25:18","date_gmt":"2014-12-21T14:25:18","guid":{"rendered":"http:\/\/neu.kredit-vergleich24.com\/?page_id=630"},"modified":"2017-09-11T18:33:27","modified_gmt":"2017-09-11T17:33:27","slug":"swk-bank","status":"publish","type":"page","link":"http:\/\/www.das-elena-verfahren.de\/kreditvergleich\/swk-bank\/","title":{"rendered":"SWK-Bank"},"content":{"rendered":"<p><img loading=\"lazy\" decoding=\"async\" src=\"http:\/\/www.das-elena-verfahren.de\/kreditvergleich\/wp-content\/uploads\/swk-bank.png\" alt=\"SWK Bank\" width=\"1024\" height=\"292\" class=\"aligncenter size-full wp-image-892 logogross\" srcset=\"http:\/\/www.das-elena-verfahren.de\/kreditvergleich\/wp-content\/uploads\/swk-bank.png 1024w, http:\/\/www.das-elena-verfahren.de\/kreditvergleich\/wp-content\/uploads\/swk-bank-300x86.png 300w\" sizes=\"auto, (max-width: 1024px) 100vw, 1024px\" \/><\/p>\n<div id=\"ez-toc-container\" class=\"ez-toc-v2_0_72 counter-hierarchy ez-toc-counter ez-toc-custom ez-toc-container-direction\">\n<p class=\"ez-toc-title\" style=\"cursor:inherit\">Inhaltsverzeichnis<\/p>\n<label for=\"ez-toc-cssicon-toggle-item-69f507ad29b90\" class=\"ez-toc-cssicon-toggle-label\"><span class=\"\"><span class=\"eztoc-hide\" style=\"display:none;\">Toggle<\/span><span class=\"ez-toc-icon-toggle-span\"><svg style=\"fill: #ff6600;color:#ff6600\" xmlns=\"http:\/\/www.w3.org\/2000\/svg\" class=\"list-377408\" width=\"20px\" height=\"20px\" viewBox=\"0 0 24 24\" fill=\"none\"><path d=\"M6 6H4v2h2V6zm14 0H8v2h12V6zM4 11h2v2H4v-2zm16 0H8v2h12v-2zM4 16h2v2H4v-2zm16 0H8v2h12v-2z\" fill=\"currentColor\"><\/path><\/svg><svg style=\"fill: #ff6600;color:#ff6600\" class=\"arrow-unsorted-368013\" xmlns=\"http:\/\/www.w3.org\/2000\/svg\" width=\"10px\" height=\"10px\" viewBox=\"0 0 24 24\" version=\"1.2\" baseProfile=\"tiny\"><path d=\"M18.2 9.3l-6.2-6.3-6.2 6.3c-.2.2-.3.4-.3.7s.1.5.3.7c.2.2.4.3.7.3h11c.3 0 .5-.1.7-.3.2-.2.3-.5.3-.7s-.1-.5-.3-.7zM5.8 14.7l6.2 6.3 6.2-6.3c.2-.2.3-.5.3-.7s-.1-.5-.3-.7c-.2-.2-.4-.3-.7-.3h-11c-.3 0-.5.1-.7.3-.2.2-.3.5-.3.7s.1.5.3.7z\"\/><\/svg><\/span><\/span><\/label><input type=\"checkbox\"  id=\"ez-toc-cssicon-toggle-item-69f507ad29b90\"  aria-label=\"Toggle\" \/><nav><ul class='ez-toc-list ez-toc-list-level-1 ' ><li class='ez-toc-page-1 ez-toc-heading-level-2'><a class=\"ez-toc-link ez-toc-heading-1\" href=\"http:\/\/www.das-elena-verfahren.de\/kreditvergleich\/swk-bank\/#kredite-der-swk-bank\" title=\"Kredite der SWK-Bank\">Kredite der SWK-Bank<\/a><ul class='ez-toc-list-level-3' ><li class='ez-toc-heading-level-3'><a class=\"ez-toc-link ez-toc-heading-2\" href=\"http:\/\/www.das-elena-verfahren.de\/kreditvergleich\/swk-bank\/#allgemeine-informationen-zur-swk-bank\" title=\"Allgemeine Informationen zur SWK-Bank\">Allgemeine Informationen zur SWK-Bank<\/a><\/li><li class='ez-toc-page-1 ez-toc-heading-level-3'><a class=\"ez-toc-link ez-toc-heading-3\" href=\"http:\/\/www.das-elena-verfahren.de\/kreditvergleich\/swk-bank\/#anschrift-und-geschaeftsinformationen-zur-swk-bank\" title=\"Anschrift und Gesch\u00e4ftsinformationen zur SWK Bank\">Anschrift und Gesch\u00e4ftsinformationen zur SWK Bank<\/a><\/li><\/ul><\/li><\/ul><\/nav><\/div>\n<h2><span class=\"ez-toc-section\" id=\"kredite-der-swk-bank\"><\/span>Kredite der SWK-Bank<span class=\"ez-toc-section-end\"><\/span><\/h2>\n<p>Die SWK-Bank ist als eine der f\u00fchrenden Banken Deutschlands im Bereich des Kreditwesens exzellent ausgestattet und bietet ihren Kunden eine Vielzahl an unterschiedlichen Krediten. So besteht die M\u00f6glichkeit, bei dem Kreditinstitut zwischen folgenden Finanzierungsmodellen zu w\u00e4hlen:<\/p>\n<ul>\n<li>Ratenkredit<\/li>\n<li>Autokredit<\/li>\n<li>Solarkredit<\/li>\n<\/ul>\n<p>Es gibt nur wenige andere Banken, die einen Solarkredit anbieten. Auch deshalb wurde die SWK-Bank schon h\u00e4ufig als eine der umweltfreundlichsten Banken ausgezeichnet, da sie ihren Kunden die M\u00f6glichkeit gibt, Energie mit Sonnenlicht zu erzeugen und dabei auf einen sicheren Finanzierungspartner setzen zu k\u00f6nnen. Der <a href=\"http:\/\/www.das-elena-verfahren.de\/kreditvergleich\/ratenkredit\/\" title=\"Ratenkredit\">Ratenkredit<\/a> ist vergleichbar mit jenen anderer Banken, obwohl er besonders positiv in Bezug auf die M\u00f6glichkeit von Sondertilgungen auff\u00e4llt. Der <a href=\"http:\/\/www.das-elena-verfahren.de\/kreditvergleich\/autokredit\/\" title=\"Autokredit\">Autokredit<\/a> wiederum ist das optimale Finanzierungspaket mit vorgegebenen Verwendungszweck, um ein neues Auto zu erwerben.<\/p>\n<p>Die Kredite der SWK-Bank k\u00f6nnen problemlos <a href=\"http:\/\/www.das-elena-verfahren.de\/kreditvergleich\/\" title=\"online im Kreditvergleich\">online im Kreditvergleich<\/a> beantragt werden, weshalb es sich bei diesen um Sofortdarlehen mit sofortige Vorzusage oder Vorabsage handelt. Transparent werden dabei alle Voraussetzungen, die zu einer Akzeptanz des Kreditantrags f\u00fchren, gelistet. So m\u00fcssen sich Besucher der Website von der SWK-Bank, die keine ausreichende Bonit\u00e4t aufweisen, nicht erst die M\u00fche machen, den umfangreichen Antragsprozess zu absolvieren.<\/p>\n<div class=\"vornach\">\n<div class=\"vorteil\">\n<div class=\"vplus\">+<\/div>\n<ul>\n<li>Einflussreiche Bank<\/li>\n<li>Kundenorientiertes Angebot<\/li>\n<li>Gro\u00dfe Auswahl an Produkten<\/li>\n<li>Mehrfach ausgezeichnet<\/li>\n<li>Eine der gr\u00f6\u00dften Direktbanken<\/li>\n<li>Hauptsitz in finanzstarker Region<\/li>\n<\/ul>\n<\/div>\n<div class=\"nachteil\">\n<div class=\"vminus\">&#8211;<\/div>\n<ul>\n<li>Keine eigenen Filialen<\/li>\n<li>Nur wenige Kontaktm\u00f6glichkeiten<\/li>\n<\/ul>\n<\/div>\n<\/div>\n<div style=\"clear:both;\"><\/div>\n<h3><span class=\"ez-toc-section\" id=\"allgemeine-informationen-zur-swk-bank\"><\/span>Allgemeine Informationen zur SWK-Bank<span class=\"ez-toc-section-end\"><\/span><\/h3>\n<p>Bei der SWK-Bank handelt es sich um eine Direktbank, die in Bingen am Rhein ihren Hauptsitz aufweist und rund 75 Mitarbeiter besch\u00e4ftigt. Signifikant an der SWK-Bank ist, dass sie trotz jungen Alters, erst im Jahre 1954 in Frankfurt am Main gegr\u00fcndet, einen gro\u00dfen Einfluss auf den Kreditmarkt in Deutschland nimmt. Mit einer Bilanzsumme von 550 Millionen Euro geh\u00f6rt sie zugleich zu den gr\u00f6\u00dften Direktbanken des Landes. Als Gesellschafter des Kreditinstitutes, das im Handelsregister des Amtsgerichtes von Mainz registriert ist, tritt die Vesta GmbH in Erscheinung, die ihren Hauptsitz in Idar-Oberstein aufweist.<\/p>\n<h3><span class=\"ez-toc-section\" id=\"anschrift-und-geschaeftsinformationen-zur-swk-bank\"><\/span>Anschrift und Gesch\u00e4ftsinformationen zur SWK Bank<span class=\"ez-toc-section-end\"><\/span><\/h3>\n<ul>\n<li>Anschrift: S\u00fcd-West-Kreditbank Finanzierung GmbH, Am Ockenheimer Graben 52, D-55411 Bingen am Rhein<\/li>\n<li>Mail: info@swk-bank.de<\/li>\n<li>Internet: https:\/\/www.swkbank.de\/<\/li>\n<li>BLZ: 550 207 00<\/li>\n<li>BIC: SUFGDE51XXX<\/li>\n<li>Gesch\u00e4ftsf\u00fchrer: Alfred Geitz (Sprecher), Ulf Meyer, Michael Moschner<\/li>\n<li>Handelsregister: Amtsgericht Mainz, HRB 21815<\/li>\n<li>Umsatzsteuer-ID: DE 811127781<\/li>\n<\/ul>\n","protected":false},"excerpt":{"rendered":"<p>Kredite der SWK-Bank Die SWK-Bank ist als eine der f\u00fchrenden Banken Deutschlands im Bereich des Kreditwesens exzellent ausgestattet und bietet ihren Kunden eine Vielzahl an unterschiedlichen Krediten. So besteht die M\u00f6glichkeit, bei dem Kreditinstitut zwischen folgenden Finanzierungsmodellen zu w\u00e4hlen: Ratenkredit Autokredit Solarkredit Es gibt nur wenige andere Banken, die einen Solarkredit anbieten. Auch deshalb wurde [&hellip;]<\/p>\n","protected":false},"author":2,"featured_media":0,"parent":0,"menu_order":0,"comment_status":"open","ping_status":"closed","template":"","meta":{"_acf_changed":false,"footnotes":""},"class_list":["post-630","page","type-page","status-publish","hentry"],"acf":[],"yoast_head":"<!-- This site is optimized with the Yoast SEO plugin v24.6 - https:\/\/yoast.com\/wordpress\/plugins\/seo\/ -->\n<title>Kredite der SWK-Bank<\/title>\n<meta name=\"robots\" content=\"index, follow, max-snippet:-1, max-image-preview:large, max-video-preview:-1\" \/>\n<link rel=\"canonical\" href=\"https:\/\/www.kredit-vergleich24.com\/swk-bank\/\" \/>\n<meta name=\"twitter:label1\" content=\"Gesch\u00e4tzte Lesezeit\" \/>\n\t<meta name=\"twitter:data1\" content=\"2\u00a0Minuten\" \/>\n<script type=\"application\/ld+json\" class=\"yoast-schema-graph\">{\"@context\":\"https:\/\/schema.org\",\"@graph\":[{\"@type\":\"WebPage\",\"@id\":\"http:\/\/www.das-elena-verfahren.de\/kreditvergleich\/swk-bank\/\",\"url\":\"https:\/\/www.kredit-vergleich24.com\/swk-bank\/\",\"name\":\"Kredite der SWK-Bank\",\"isPartOf\":{\"@id\":\"http:\/\/www.das-elena-verfahren.de\/kreditvergleich\/#website\"},\"primaryImageOfPage\":{\"@id\":\"https:\/\/www.kredit-vergleich24.com\/swk-bank\/#primaryimage\"},\"image\":{\"@id\":\"https:\/\/www.kredit-vergleich24.com\/swk-bank\/#primaryimage\"},\"thumbnailUrl\":\"http:\/\/www.das-elena-verfahren.de\/kreditvergleich\/wp-content\/uploads\/swk-bank.png\",\"datePublished\":\"2014-12-21T14:25:18+00:00\",\"dateModified\":\"2017-09-11T17:33:27+00:00\",\"breadcrumb\":{\"@id\":\"https:\/\/www.kredit-vergleich24.com\/swk-bank\/#breadcrumb\"},\"inLanguage\":\"de\",\"potentialAction\":[{\"@type\":\"ReadAction\",\"target\":[\"https:\/\/www.kredit-vergleich24.com\/swk-bank\/\"]}]},{\"@type\":\"ImageObject\",\"inLanguage\":\"de\",\"@id\":\"https:\/\/www.kredit-vergleich24.com\/swk-bank\/#primaryimage\",\"url\":\"http:\/\/www.das-elena-verfahren.de\/kreditvergleich\/wp-content\/uploads\/swk-bank.png\",\"contentUrl\":\"http:\/\/www.das-elena-verfahren.de\/kreditvergleich\/wp-content\/uploads\/swk-bank.png\",\"width\":1024,\"height\":292,\"caption\":\"SWK Bank\"},{\"@type\":\"BreadcrumbList\",\"@id\":\"https:\/\/www.kredit-vergleich24.com\/swk-bank\/#breadcrumb\",\"itemListElement\":[{\"@type\":\"ListItem\",\"position\":1,\"name\":\"Startseite\",\"item\":\"http:\/\/www.das-elena-verfahren.de\/kreditvergleich\/\"},{\"@type\":\"ListItem\",\"position\":2,\"name\":\"SWK-Bank\"}]},{\"@type\":\"WebSite\",\"@id\":\"http:\/\/www.das-elena-verfahren.de\/kreditvergleich\/#website\",\"url\":\"http:\/\/www.das-elena-verfahren.de\/kreditvergleich\/\",\"name\":\"Kredit-Vergleich24.com\",\"description\":\"Kreditvergleich kostenlos\",\"potentialAction\":[{\"@type\":\"SearchAction\",\"target\":{\"@type\":\"EntryPoint\",\"urlTemplate\":\"http:\/\/www.das-elena-verfahren.de\/kreditvergleich\/?s={search_term_string}\"},\"query-input\":{\"@type\":\"PropertyValueSpecification\",\"valueRequired\":true,\"valueName\":\"search_term_string\"}}],\"inLanguage\":\"de\"}]}<\/script>\n<!-- \/ Yoast SEO plugin. -->","yoast_head_json":{"title":"Kredite der SWK-Bank","robots":{"index":"index","follow":"follow","max-snippet":"max-snippet:-1","max-image-preview":"max-image-preview:large","max-video-preview":"max-video-preview:-1"},"canonical":"https:\/\/www.kredit-vergleich24.com\/swk-bank\/","twitter_misc":{"Gesch\u00e4tzte Lesezeit":"2\u00a0Minuten"},"schema":{"@context":"https:\/\/schema.org","@graph":[{"@type":"WebPage","@id":"http:\/\/www.das-elena-verfahren.de\/kreditvergleich\/swk-bank\/","url":"https:\/\/www.kredit-vergleich24.com\/swk-bank\/","name":"Kredite der SWK-Bank","isPartOf":{"@id":"http:\/\/www.das-elena-verfahren.de\/kreditvergleich\/#website"},"primaryImageOfPage":{"@id":"https:\/\/www.kredit-vergleich24.com\/swk-bank\/#primaryimage"},"image":{"@id":"https:\/\/www.kredit-vergleich24.com\/swk-bank\/#primaryimage"},"thumbnailUrl":"http:\/\/www.das-elena-verfahren.de\/kreditvergleich\/wp-content\/uploads\/swk-bank.png","datePublished":"2014-12-21T14:25:18+00:00","dateModified":"2017-09-11T17:33:27+00:00","breadcrumb":{"@id":"https:\/\/www.kredit-vergleich24.com\/swk-bank\/#breadcrumb"},"inLanguage":"de","potentialAction":[{"@type":"ReadAction","target":["https:\/\/www.kredit-vergleich24.com\/swk-bank\/"]}]},{"@type":"ImageObject","inLanguage":"de","@id":"https:\/\/www.kredit-vergleich24.com\/swk-bank\/#primaryimage","url":"http:\/\/www.das-elena-verfahren.de\/kreditvergleich\/wp-content\/uploads\/swk-bank.png","contentUrl":"http:\/\/www.das-elena-verfahren.de\/kreditvergleich\/wp-content\/uploads\/swk-bank.png","width":1024,"height":292,"caption":"SWK Bank"},{"@type":"BreadcrumbList","@id":"https:\/\/www.kredit-vergleich24.com\/swk-bank\/#breadcrumb","itemListElement":[{"@type":"ListItem","position":1,"name":"Startseite","item":"http:\/\/www.das-elena-verfahren.de\/kreditvergleich\/"},{"@type":"ListItem","position":2,"name":"SWK-Bank"}]},{"@type":"WebSite","@id":"http:\/\/www.das-elena-verfahren.de\/kreditvergleich\/#website","url":"http:\/\/www.das-elena-verfahren.de\/kreditvergleich\/","name":"Kredit-Vergleich24.com","description":"Kreditvergleich kostenlos","potentialAction":[{"@type":"SearchAction","target":{"@type":"EntryPoint","urlTemplate":"http:\/\/www.das-elena-verfahren.de\/kreditvergleich\/?s={search_term_string}"},"query-input":{"@type":"PropertyValueSpecification","valueRequired":true,"valueName":"search_term_string"}}],"inLanguage":"de"}]}},"_links":{"self":[{"href":"http:\/\/www.das-elena-verfahren.de\/kreditvergleich\/wp-json\/wp\/v2\/pages\/630","targetHints":{"allow":["GET"]}}],"collection":[{"href":"http:\/\/www.das-elena-verfahren.de\/kreditvergleich\/wp-json\/wp\/v2\/pages"}],"about":[{"href":"http:\/\/www.das-elena-verfahren.de\/kreditvergleich\/wp-json\/wp\/v2\/types\/page"}],"author":[{"embeddable":true,"href":"http:\/\/www.das-elena-verfahren.de\/kreditvergleich\/wp-json\/wp\/v2\/users\/2"}],"replies":[{"embeddable":true,"href":"http:\/\/www.das-elena-verfahren.de\/kreditvergleich\/wp-json\/wp\/v2\/comments?post=630"}],"version-history":[{"count":0,"href":"http:\/\/www.das-elena-verfahren.de\/kreditvergleich\/wp-json\/wp\/v2\/pages\/630\/revisions"}],"wp:attachment":[{"href":"http:\/\/www.das-elena-verfahren.de\/kreditvergleich\/wp-json\/wp\/v2\/media?parent=630"}],"curies":[{"name":"wp","href":"https:\/\/api.w.org\/{rel}","templated":true}]}}