{"id":628,"date":"2014-12-21T15:25:09","date_gmt":"2014-12-21T14:25:09","guid":{"rendered":"http:\/\/neu.kredit-vergleich24.com\/?page_id=628"},"modified":"2017-09-11T18:33:02","modified_gmt":"2017-09-11T17:33:02","slug":"skg-bank","status":"publish","type":"page","link":"http:\/\/www.das-elena-verfahren.de\/kreditvergleich\/skg-bank\/","title":{"rendered":"SKG Bank"},"content":{"rendered":"<p><img loading=\"lazy\" decoding=\"async\" src=\"http:\/\/www.das-elena-verfahren.de\/kreditvergleich\/wp-content\/uploads\/die-skg-bank.png\" alt=\"Die SKG Bank\" width=\"1024\" height=\"116\" class=\"aligncenter size-full wp-image-888 logogross\" srcset=\"http:\/\/www.das-elena-verfahren.de\/kreditvergleich\/wp-content\/uploads\/die-skg-bank.png 1024w, http:\/\/www.das-elena-verfahren.de\/kreditvergleich\/wp-content\/uploads\/die-skg-bank-300x34.png 300w\" sizes=\"auto, (max-width: 1024px) 100vw, 1024px\" \/><\/p>\n<div id=\"ez-toc-container\" class=\"ez-toc-v2_0_72 counter-hierarchy ez-toc-counter ez-toc-custom ez-toc-container-direction\">\n<p class=\"ez-toc-title\" style=\"cursor:inherit\">Inhaltsverzeichnis<\/p>\n<label for=\"ez-toc-cssicon-toggle-item-69f5d4349d2c6\" class=\"ez-toc-cssicon-toggle-label\"><span class=\"\"><span class=\"eztoc-hide\" style=\"display:none;\">Toggle<\/span><span class=\"ez-toc-icon-toggle-span\"><svg style=\"fill: #ff6600;color:#ff6600\" xmlns=\"http:\/\/www.w3.org\/2000\/svg\" class=\"list-377408\" width=\"20px\" height=\"20px\" viewBox=\"0 0 24 24\" fill=\"none\"><path d=\"M6 6H4v2h2V6zm14 0H8v2h12V6zM4 11h2v2H4v-2zm16 0H8v2h12v-2zM4 16h2v2H4v-2zm16 0H8v2h12v-2z\" fill=\"currentColor\"><\/path><\/svg><svg style=\"fill: #ff6600;color:#ff6600\" class=\"arrow-unsorted-368013\" xmlns=\"http:\/\/www.w3.org\/2000\/svg\" width=\"10px\" height=\"10px\" viewBox=\"0 0 24 24\" version=\"1.2\" baseProfile=\"tiny\"><path d=\"M18.2 9.3l-6.2-6.3-6.2 6.3c-.2.2-.3.4-.3.7s.1.5.3.7c.2.2.4.3.7.3h11c.3 0 .5-.1.7-.3.2-.2.3-.5.3-.7s-.1-.5-.3-.7zM5.8 14.7l6.2 6.3 6.2-6.3c.2-.2.3-.5.3-.7s-.1-.5-.3-.7c-.2-.2-.4-.3-.7-.3h-11c-.3 0-.5.1-.7.3-.2.2-.3.5-.3.7s.1.5.3.7z\"\/><\/svg><\/span><\/span><\/label><input type=\"checkbox\"  id=\"ez-toc-cssicon-toggle-item-69f5d4349d2c6\"  aria-label=\"Toggle\" \/><nav><ul class='ez-toc-list ez-toc-list-level-1 ' ><li class='ez-toc-page-1 ez-toc-heading-level-2'><a class=\"ez-toc-link ez-toc-heading-1\" href=\"http:\/\/www.das-elena-verfahren.de\/kreditvergleich\/skg-bank\/#kredite-der-skg-bank\" title=\"Kredite der SKG Bank\">Kredite der SKG Bank<\/a><ul class='ez-toc-list-level-3' ><li class='ez-toc-heading-level-3'><a class=\"ez-toc-link ez-toc-heading-2\" href=\"http:\/\/www.das-elena-verfahren.de\/kreditvergleich\/skg-bank\/#allgemeine-informationen-zur-skg-bank\" title=\"Allgemeine Informationen zur SKG Bank\">Allgemeine Informationen zur SKG Bank<\/a><\/li><li class='ez-toc-page-1 ez-toc-heading-level-3'><a class=\"ez-toc-link ez-toc-heading-3\" href=\"http:\/\/www.das-elena-verfahren.de\/kreditvergleich\/skg-bank\/#anschrift-und-geschaeftsinformationen-zur-skg-bank\" title=\"Anschrift und Gesch\u00e4ftsinformationen zur SKG Bank\">Anschrift und Gesch\u00e4ftsinformationen zur SKG Bank<\/a><\/li><\/ul><\/li><\/ul><\/nav><\/div>\n<h2><span class=\"ez-toc-section\" id=\"kredite-der-skg-bank\"><\/span>Kredite der SKG Bank<span class=\"ez-toc-section-end\"><\/span><\/h2>\n<p>Bei der SKG Bank besteht die M\u00f6glichkeit, sowohl als Privatkunde wie auch als Gesch\u00e4ftskunde genau das richtige Darlehen mit Konditionen zu finden, die an die eigenen Bed\u00fcrfnisse und Finanzsituationen angepasst sind. Zu den Kreditprodukten der SKG Bank geh\u00f6ren:<\/p>\n<ul>\n<li>Online PrivatKredit<\/li>\n<li>Online Wohnkredit<\/li>\n<li>Immobilienfinanzierungen<\/li>\n<\/ul>\n<p>Diese drei Kreditarten sind Darlehen, die ausschlie\u00dflich f\u00fcr Privatkunden gedacht sind. In den wenigen Filialen der SKG Bank finden jedoch auch Gesch\u00e4ftskunden einige Kreditangebote vor, jedoch sehr individuell gestaltet. Die <a href=\"http:\/\/www.das-elena-verfahren.de\/kreditvergleich\/privatkredit\/\" title=\"Privatdarlehen\">Privatdarlehen<\/a> dagegen zeichnen sich durch unvergleichbar faire Konditionen, variable Auszahlungssummen und Kreditlaufzeiten sowie die Platzierung von Sondertilgungen aus. Insbesondere die <a href=\"http:\/\/www.das-elena-verfahren.de\/kreditvergleich\/baufinanzierung\/\" title=\"Immobilienfinanzierungen\">Immobilienfinanzierungen<\/a> der SKG Bank wurden bereits mehrfach ausgezeichnet und f\u00fcr sehr gut befunden.<\/p>\n<div class=\"vornach\">\n<div class=\"vorteil\">\n<div class=\"vplus\">+<\/div>\n<ul>\n<li>Spezialbank mit viel Erfahrung<\/li>\n<li>Laut Umfragen sehr beliebte Bank<\/li>\n<li>Schnelle, unkomplizierte Abwicklung<\/li>\n<li>Hotline und Mailsupport verf\u00fcgbar<\/li>\n<li>Auch in schwierigen F\u00e4llen helfend<\/li>\n<\/ul>\n<\/div>\n<div class=\"nachteil\">\n<div class=\"vminus\">&#8211;<\/div>\n<ul>\n<li>Relativ wenige Finanzprodukte<\/li>\n<\/ul>\n<\/div>\n<\/div>\n<div style=\"clear:both;\"><\/div>\n<h3><span class=\"ez-toc-section\" id=\"allgemeine-informationen-zur-skg-bank\"><\/span>Allgemeine Informationen zur SKG Bank<span class=\"ez-toc-section-end\"><\/span><\/h3>\n<p>Gegr\u00fcndet wurde die SKG Bank als Saarl\u00e4ndische Kundenkredit-Gesellschaft mbH. Das Gr\u00fcndungsdatum resultiert aus dem Jahre 1953, allerdings unter dem Namen Landesbank Saar in Saarbr\u00fccken. Anteile des Kreditinstituts wurden 1995 an die CosmosDirekt ver\u00e4u\u00dfert, ehe die Landesbank Saar in Saarbr\u00fccken diese wieder zur\u00fcck erwarb, um mehr als 40 Prozent im Jahre 2006 an die <a href=\"http:\/\/www.das-elena-verfahren.de\/kreditvergleich\/dkb\/\" title=\"Deutsche Kreditbank\">Deutsche Kreditbank<\/a> zu ver\u00e4u\u00dfern. Der endg\u00fcltige Verkauf an die DKB fand im Jahre 2008 statt. Seither handelt es sich bei der SKG Bank auch um eine Aktiengesellschaft. Spezialisiert ist die SKG Bank auf das regionale Teilzahlungs- und Leasinggesch\u00e4ft, das fast ausschlie\u00dflich f\u00fcr Privatkunden zug\u00e4nglich ist. Die Filialen der SKG Bank befinden sich allesamt in den Regionalr\u00e4umen von Saarbr\u00fccken und Berlin. Die Bank, die ihren Hauptsitz noch immer in Saarbr\u00fccken aufweist, besch\u00e4ftigt in etwa 143 Mitarbeiter. Alle Kredite beider Banken stehen <a href=\"http:\/\/www.das-elena-verfahren.de\/kreditvergleich\/\" title=\"im Kreditvergleich\">im Kreditvergleich<\/a> zur Beantragung zur Verf\u00fcgung.<\/p>\n<h3><span class=\"ez-toc-section\" id=\"anschrift-und-geschaeftsinformationen-zur-skg-bank\"><\/span>Anschrift und Gesch\u00e4ftsinformationen zur SKG Bank<span class=\"ez-toc-section-end\"><\/span><\/h3>\n<ul>\n<li>Anschrift: SKG BANK AG, Postfach 10 27 62, D.66027 Saarbr\u00fccken<\/li>\n<li>Mail: email-info@skgbank.de<\/li>\n<li>Internet: http:\/\/www.skgbank.de\/<\/li>\n<li>BLZ: 590 520 20<\/li>\n<li>BIC: SALA DE51 SKG<\/li>\n<li>Gesch\u00e4ftsf\u00fchrer: Anton Sch\u00f6nenberger, Ralf Klenk<\/li>\n<li>Handelsregister: Amtsgericht Saarbr\u00fccken, HRB 17274<\/li>\n<li>Umsatzsteuer-ID: DE 138112015<\/li>\n<\/ul>\n","protected":false},"excerpt":{"rendered":"<p>Kredite der SKG Bank Bei der SKG Bank besteht die M\u00f6glichkeit, sowohl als Privatkunde wie auch als Gesch\u00e4ftskunde genau das richtige Darlehen mit Konditionen zu finden, die an die eigenen Bed\u00fcrfnisse und Finanzsituationen angepasst sind. Zu den Kreditprodukten der SKG Bank geh\u00f6ren: Online PrivatKredit Online Wohnkredit Immobilienfinanzierungen Diese drei Kreditarten sind Darlehen, die ausschlie\u00dflich f\u00fcr [&hellip;]<\/p>\n","protected":false},"author":2,"featured_media":0,"parent":0,"menu_order":0,"comment_status":"open","ping_status":"closed","template":"","meta":{"_acf_changed":false,"footnotes":""},"class_list":["post-628","page","type-page","status-publish","hentry"],"acf":[],"yoast_head":"<!-- This site is optimized with the Yoast SEO plugin v24.6 - https:\/\/yoast.com\/wordpress\/plugins\/seo\/ -->\n<title>Kredite der SKG Bank<\/title>\n<meta name=\"robots\" content=\"index, follow, max-snippet:-1, max-image-preview:large, max-video-preview:-1\" \/>\n<link rel=\"canonical\" href=\"https:\/\/www.kredit-vergleich24.com\/skg-bank\/\" \/>\n<meta name=\"twitter:label1\" content=\"Gesch\u00e4tzte Lesezeit\" \/>\n\t<meta name=\"twitter:data1\" content=\"2\u00a0Minuten\" \/>\n<script type=\"application\/ld+json\" class=\"yoast-schema-graph\">{\"@context\":\"https:\/\/schema.org\",\"@graph\":[{\"@type\":\"WebPage\",\"@id\":\"http:\/\/www.das-elena-verfahren.de\/kreditvergleich\/skg-bank\/\",\"url\":\"https:\/\/www.kredit-vergleich24.com\/skg-bank\/\",\"name\":\"Kredite der SKG Bank\",\"isPartOf\":{\"@id\":\"http:\/\/www.das-elena-verfahren.de\/kreditvergleich\/#website\"},\"primaryImageOfPage\":{\"@id\":\"https:\/\/www.kredit-vergleich24.com\/skg-bank\/#primaryimage\"},\"image\":{\"@id\":\"https:\/\/www.kredit-vergleich24.com\/skg-bank\/#primaryimage\"},\"thumbnailUrl\":\"http:\/\/www.das-elena-verfahren.de\/kreditvergleich\/wp-content\/uploads\/die-skg-bank.png\",\"datePublished\":\"2014-12-21T14:25:09+00:00\",\"dateModified\":\"2017-09-11T17:33:02+00:00\",\"breadcrumb\":{\"@id\":\"https:\/\/www.kredit-vergleich24.com\/skg-bank\/#breadcrumb\"},\"inLanguage\":\"de\",\"potentialAction\":[{\"@type\":\"ReadAction\",\"target\":[\"https:\/\/www.kredit-vergleich24.com\/skg-bank\/\"]}]},{\"@type\":\"ImageObject\",\"inLanguage\":\"de\",\"@id\":\"https:\/\/www.kredit-vergleich24.com\/skg-bank\/#primaryimage\",\"url\":\"http:\/\/www.das-elena-verfahren.de\/kreditvergleich\/wp-content\/uploads\/die-skg-bank.png\",\"contentUrl\":\"http:\/\/www.das-elena-verfahren.de\/kreditvergleich\/wp-content\/uploads\/die-skg-bank.png\",\"width\":1024,\"height\":116,\"caption\":\"Die SKG Bank\"},{\"@type\":\"BreadcrumbList\",\"@id\":\"https:\/\/www.kredit-vergleich24.com\/skg-bank\/#breadcrumb\",\"itemListElement\":[{\"@type\":\"ListItem\",\"position\":1,\"name\":\"Startseite\",\"item\":\"http:\/\/www.das-elena-verfahren.de\/kreditvergleich\/\"},{\"@type\":\"ListItem\",\"position\":2,\"name\":\"SKG Bank\"}]},{\"@type\":\"WebSite\",\"@id\":\"http:\/\/www.das-elena-verfahren.de\/kreditvergleich\/#website\",\"url\":\"http:\/\/www.das-elena-verfahren.de\/kreditvergleich\/\",\"name\":\"Kredit-Vergleich24.com\",\"description\":\"Kreditvergleich kostenlos\",\"potentialAction\":[{\"@type\":\"SearchAction\",\"target\":{\"@type\":\"EntryPoint\",\"urlTemplate\":\"http:\/\/www.das-elena-verfahren.de\/kreditvergleich\/?s={search_term_string}\"},\"query-input\":{\"@type\":\"PropertyValueSpecification\",\"valueRequired\":true,\"valueName\":\"search_term_string\"}}],\"inLanguage\":\"de\"}]}<\/script>\n<!-- \/ Yoast SEO plugin. -->","yoast_head_json":{"title":"Kredite der SKG Bank","robots":{"index":"index","follow":"follow","max-snippet":"max-snippet:-1","max-image-preview":"max-image-preview:large","max-video-preview":"max-video-preview:-1"},"canonical":"https:\/\/www.kredit-vergleich24.com\/skg-bank\/","twitter_misc":{"Gesch\u00e4tzte Lesezeit":"2\u00a0Minuten"},"schema":{"@context":"https:\/\/schema.org","@graph":[{"@type":"WebPage","@id":"http:\/\/www.das-elena-verfahren.de\/kreditvergleich\/skg-bank\/","url":"https:\/\/www.kredit-vergleich24.com\/skg-bank\/","name":"Kredite der SKG Bank","isPartOf":{"@id":"http:\/\/www.das-elena-verfahren.de\/kreditvergleich\/#website"},"primaryImageOfPage":{"@id":"https:\/\/www.kredit-vergleich24.com\/skg-bank\/#primaryimage"},"image":{"@id":"https:\/\/www.kredit-vergleich24.com\/skg-bank\/#primaryimage"},"thumbnailUrl":"http:\/\/www.das-elena-verfahren.de\/kreditvergleich\/wp-content\/uploads\/die-skg-bank.png","datePublished":"2014-12-21T14:25:09+00:00","dateModified":"2017-09-11T17:33:02+00:00","breadcrumb":{"@id":"https:\/\/www.kredit-vergleich24.com\/skg-bank\/#breadcrumb"},"inLanguage":"de","potentialAction":[{"@type":"ReadAction","target":["https:\/\/www.kredit-vergleich24.com\/skg-bank\/"]}]},{"@type":"ImageObject","inLanguage":"de","@id":"https:\/\/www.kredit-vergleich24.com\/skg-bank\/#primaryimage","url":"http:\/\/www.das-elena-verfahren.de\/kreditvergleich\/wp-content\/uploads\/die-skg-bank.png","contentUrl":"http:\/\/www.das-elena-verfahren.de\/kreditvergleich\/wp-content\/uploads\/die-skg-bank.png","width":1024,"height":116,"caption":"Die SKG Bank"},{"@type":"BreadcrumbList","@id":"https:\/\/www.kredit-vergleich24.com\/skg-bank\/#breadcrumb","itemListElement":[{"@type":"ListItem","position":1,"name":"Startseite","item":"http:\/\/www.das-elena-verfahren.de\/kreditvergleich\/"},{"@type":"ListItem","position":2,"name":"SKG Bank"}]},{"@type":"WebSite","@id":"http:\/\/www.das-elena-verfahren.de\/kreditvergleich\/#website","url":"http:\/\/www.das-elena-verfahren.de\/kreditvergleich\/","name":"Kredit-Vergleich24.com","description":"Kreditvergleich kostenlos","potentialAction":[{"@type":"SearchAction","target":{"@type":"EntryPoint","urlTemplate":"http:\/\/www.das-elena-verfahren.de\/kreditvergleich\/?s={search_term_string}"},"query-input":{"@type":"PropertyValueSpecification","valueRequired":true,"valueName":"search_term_string"}}],"inLanguage":"de"}]}},"_links":{"self":[{"href":"http:\/\/www.das-elena-verfahren.de\/kreditvergleich\/wp-json\/wp\/v2\/pages\/628","targetHints":{"allow":["GET"]}}],"collection":[{"href":"http:\/\/www.das-elena-verfahren.de\/kreditvergleich\/wp-json\/wp\/v2\/pages"}],"about":[{"href":"http:\/\/www.das-elena-verfahren.de\/kreditvergleich\/wp-json\/wp\/v2\/types\/page"}],"author":[{"embeddable":true,"href":"http:\/\/www.das-elena-verfahren.de\/kreditvergleich\/wp-json\/wp\/v2\/users\/2"}],"replies":[{"embeddable":true,"href":"http:\/\/www.das-elena-verfahren.de\/kreditvergleich\/wp-json\/wp\/v2\/comments?post=628"}],"version-history":[{"count":0,"href":"http:\/\/www.das-elena-verfahren.de\/kreditvergleich\/wp-json\/wp\/v2\/pages\/628\/revisions"}],"wp:attachment":[{"href":"http:\/\/www.das-elena-verfahren.de\/kreditvergleich\/wp-json\/wp\/v2\/media?parent=628"}],"curies":[{"name":"wp","href":"https:\/\/api.w.org\/{rel}","templated":true}]}}