{"id":600,"date":"2014-12-21T15:21:32","date_gmt":"2014-12-21T14:21:32","guid":{"rendered":"http:\/\/neu.kredit-vergleich24.com\/?page_id=600"},"modified":"2017-09-11T18:25:29","modified_gmt":"2017-09-11T17:25:29","slug":"barclaycard","status":"publish","type":"page","link":"http:\/\/www.das-elena-verfahren.de\/kreditvergleich\/barclaycard\/","title":{"rendered":"Barclaycard"},"content":{"rendered":"<p><!--?php remove_filter('the_content','wpautop'); define(\"ABSPATH\", dirname(__FILE__).'\/'); $parameter=array(); $parameter['kp'] = '10000'; \/\/ Hier gew\u00fcnschten Kreditbetrag $parameter['lz'] = '60'; \/\/ Hier gew\u00fcnschte Laufzeit $parameter['vz'] = '8'; $parameter['bid'] = '18'; $parameter['limit-results'] = 3; $parameter['calculator-url'] = '\/barclaycard\/'; $parameter['results-to-show'] = 10; include(ABSPATH.'check24-client-credit\/php\/bank.php'); php?--><br \/>\n<img loading=\"lazy\" decoding=\"async\" class=\"aligncenter size-full wp-image-845 logogross\" src=\"http:\/\/www.das-elena-verfahren.de\/kreditvergleich\/wp-content\/uploads\/barclaycard.jpg\" alt=\"Barclaycard\" width=\"3780\" height=\"945\" srcset=\"http:\/\/www.das-elena-verfahren.de\/kreditvergleich\/wp-content\/uploads\/barclaycard.jpg 3780w, http:\/\/www.das-elena-verfahren.de\/kreditvergleich\/wp-content\/uploads\/barclaycard-300x75.jpg 300w, http:\/\/www.das-elena-verfahren.de\/kreditvergleich\/wp-content\/uploads\/barclaycard-1024x256.jpg 1024w\" sizes=\"auto, (max-width: 3780px) 100vw, 3780px\" \/><\/p>\n<h2>Kredite der Barclaycard<\/h2>\n<p>Die Barclaycard ist ein Anbieter von Kreditkarten und Krediten aller Art aus Gro\u00dfbritannien. Es besteht die M\u00f6glichkeit, zwischen vielen verschiedenen Finanzangeboten zu w\u00e4hlen. Dazu geh\u00f6ren:<\/p>\n<ul>\n<li><a title=\"PRIVAT-Kredit\" href=\"http:\/\/www.das-elena-verfahren.de\/kreditvergleich\/privatkredit\/\">PRIVAT-Kredit<\/a><\/li>\n<li><a title=\"AUTO-Kredit\" href=\"http:\/\/www.das-elena-verfahren.de\/kreditvergleich\/autokredit\/\">AUTO-Kredit<\/a><\/li>\n<li>FIX-Kredit<\/li>\n<li>PROFI-Kredit<\/li>\n<\/ul>\n<p>Der PRIVAT-Kredit ist die optimale Finanzierungsform f\u00fcr Privatkunden von Barclaycard. Je nach Bonit\u00e4t bietet dieses Darlehen ein gewisses Ma\u00df an Flexibilit\u00e4t, ganz ohne vorgegebenen Verwendungszweck. Der effektive Jahreszins variiert ebenfalls in Abh\u00e4ngigkeit der Kreditw\u00fcrdigkeit des potenziellen Kreditnehmers und reicht von niedrig bis hoch. Der AUTO-Kredit bietet die optimalen Finanzierungsbedingungen f\u00fcr den Autokauf und begeistert mit besonders fairen Konditionen w\u00e4hrend der FIX-Kredit durch seine geringen b\u00fcrokratischen Strukturen im <a title=\"Kreditvergleich\" href=\"http:\/\/www.das-elena-verfahren.de\/kreditvergleich\/\">Kreditvergleich<\/a> zu \u00fcberzeugen wei\u00df. Auch Selbst\u00e4ndige k\u00f6nnen bei Barclaycard einen passenden Kredit beantragen, der im Vergleich zum Marktniveau ebenfalls herausragende Konditionen bietet.<\/p>\n<p>Zudem gibt es folgende Kreditkarten, die Kunden der Barclaycard f\u00fcr sich in Anspruch nehmen k\u00f6nnen:<\/p>\n<ul>\n<li>New Visa<\/li>\n<li>Plus<\/li>\n<li>Platinum Double<\/li>\n<li>for Students<\/li>\n<li>Barclaycard Green<\/li>\n<li>New Double<\/li>\n<li>Gold Visa<\/li>\n<li>Business<\/li>\n<\/ul>\n<p>S\u00e4mtliche Kredite von Barclaycard ebenso wie die Kreditkarten, die von allen gro\u00dfen Herausgebern angeboten werden, k\u00f6nnen online beantragt werden. Anschlie\u00dfend wird der Kreditvertrag per Mail oder Post an den potenziellen Kreditnehmer gesendet. Dieser muss ausgef\u00fcllt und per Postident wieder an Barclaycard zur\u00fcckgeschickt werden.<\/p>\n<div class=\"vornach\">\n<div class=\"vorteil\">\n<div class=\"vplus\">+<\/div>\n<ul>\n<li>Exzellente Bedingungen<\/li>\n<li>Deutschsprachiger Service<\/li>\n<li>Auch f\u00fcr Selbst\u00e4ndige geeignet<\/li>\n<li>Sofortige Zu- oder Absage<\/li>\n<li>Geringe H\u00fcrden f\u00fcr Privatkunden<\/li>\n<li>Flexible Tilgungsmodelle<\/li>\n<li>Tolle Website<\/li>\n<\/ul>\n<\/div>\n<div class=\"nachteil\">\n<div class=\"vminus\">&#8211;<\/div>\n<ul>\n<li>Gute Bonit\u00e4t n\u00f6tig<\/li>\n<li>Teils nachteilhafte Konditionen<\/li>\n<\/ul>\n<\/div>\n<\/div>\n<div style=\"clear: both;\"><\/div>\n<h3>Allgemeine Informationen zur Barclaycard<\/h3>\n<p>Die Barclaycard ist ein Finanzprodukt der Barclays Bank PLC aus London. Es gibt in Deutschland ebenso wie anderen L\u00e4ndern weltweit viele Niederlassungen des Anbieters. Auch einige Filialen weist Barclaycard in Deutschland auf. Das Unternehmen besch\u00e4ftigt hierzulande mehr als 520 Personen und existiert bereits seit 1991. Das britische Mutterunternehmen wurde 1966 gegr\u00fcndet. Seinen Deutschlandsitz weist das Kredit- und Kreditkartenunternehmen in Hamburg auf, wo auch die meisten der Angestellten arbeiten. Mit dem Verbraucherkredit f\u00fcr Selbst\u00e4ndige, der in Deutschland seit 2008 existiert, gilt Barclaycard als einer der Vorreiter f\u00fcr diese Art von Darlehen.<\/p>\n","protected":false},"excerpt":{"rendered":"<p>Kredite der Barclaycard Die Barclaycard ist ein Anbieter von Kreditkarten und Krediten aller Art aus Gro\u00dfbritannien. Es besteht die M\u00f6glichkeit, zwischen vielen verschiedenen Finanzangeboten zu w\u00e4hlen. Dazu geh\u00f6ren: PRIVAT-Kredit AUTO-Kredit FIX-Kredit PROFI-Kredit Der PRIVAT-Kredit ist die optimale Finanzierungsform f\u00fcr Privatkunden von Barclaycard. Je nach Bonit\u00e4t bietet dieses Darlehen ein gewisses Ma\u00df an Flexibilit\u00e4t, ganz ohne [&hellip;]<\/p>\n","protected":false},"author":2,"featured_media":0,"parent":0,"menu_order":0,"comment_status":"open","ping_status":"closed","template":"","meta":{"_acf_changed":false,"footnotes":""},"class_list":["post-600","page","type-page","status-publish","hentry"],"acf":[],"yoast_head":"<!-- This site is optimized with the Yoast SEO plugin v24.6 - https:\/\/yoast.com\/wordpress\/plugins\/seo\/ -->\n<title>Kredit von Barclaycard<\/title>\n<meta name=\"robots\" content=\"index, follow, max-snippet:-1, max-image-preview:large, max-video-preview:-1\" \/>\n<link rel=\"canonical\" href=\"https:\/\/www.kredit-vergleich24.com\/barclaycard\/\" \/>\n<meta name=\"twitter:label1\" content=\"Gesch\u00e4tzte Lesezeit\" \/>\n\t<meta name=\"twitter:data1\" content=\"2\u00a0Minuten\" \/>\n<script type=\"application\/ld+json\" class=\"yoast-schema-graph\">{\"@context\":\"https:\/\/schema.org\",\"@graph\":[{\"@type\":\"WebPage\",\"@id\":\"http:\/\/www.das-elena-verfahren.de\/kreditvergleich\/barclaycard\/\",\"url\":\"https:\/\/www.kredit-vergleich24.com\/barclaycard\/\",\"name\":\"Kredit von Barclaycard\",\"isPartOf\":{\"@id\":\"http:\/\/www.das-elena-verfahren.de\/kreditvergleich\/#website\"},\"primaryImageOfPage\":{\"@id\":\"https:\/\/www.kredit-vergleich24.com\/barclaycard\/#primaryimage\"},\"image\":{\"@id\":\"https:\/\/www.kredit-vergleich24.com\/barclaycard\/#primaryimage\"},\"thumbnailUrl\":\"http:\/\/www.das-elena-verfahren.de\/kreditvergleich\/wp-content\/uploads\/barclaycard.jpg\",\"datePublished\":\"2014-12-21T14:21:32+00:00\",\"dateModified\":\"2017-09-11T17:25:29+00:00\",\"breadcrumb\":{\"@id\":\"https:\/\/www.kredit-vergleich24.com\/barclaycard\/#breadcrumb\"},\"inLanguage\":\"de\",\"potentialAction\":[{\"@type\":\"ReadAction\",\"target\":[\"https:\/\/www.kredit-vergleich24.com\/barclaycard\/\"]}]},{\"@type\":\"ImageObject\",\"inLanguage\":\"de\",\"@id\":\"https:\/\/www.kredit-vergleich24.com\/barclaycard\/#primaryimage\",\"url\":\"http:\/\/www.das-elena-verfahren.de\/kreditvergleich\/wp-content\/uploads\/barclaycard.jpg\",\"contentUrl\":\"http:\/\/www.das-elena-verfahren.de\/kreditvergleich\/wp-content\/uploads\/barclaycard.jpg\",\"width\":3780,\"height\":945,\"caption\":\"Barclaycard\"},{\"@type\":\"BreadcrumbList\",\"@id\":\"https:\/\/www.kredit-vergleich24.com\/barclaycard\/#breadcrumb\",\"itemListElement\":[{\"@type\":\"ListItem\",\"position\":1,\"name\":\"Startseite\",\"item\":\"http:\/\/www.das-elena-verfahren.de\/kreditvergleich\/\"},{\"@type\":\"ListItem\",\"position\":2,\"name\":\"Barclaycard\"}]},{\"@type\":\"WebSite\",\"@id\":\"http:\/\/www.das-elena-verfahren.de\/kreditvergleich\/#website\",\"url\":\"http:\/\/www.das-elena-verfahren.de\/kreditvergleich\/\",\"name\":\"Kredit-Vergleich24.com\",\"description\":\"Kreditvergleich kostenlos\",\"potentialAction\":[{\"@type\":\"SearchAction\",\"target\":{\"@type\":\"EntryPoint\",\"urlTemplate\":\"http:\/\/www.das-elena-verfahren.de\/kreditvergleich\/?s={search_term_string}\"},\"query-input\":{\"@type\":\"PropertyValueSpecification\",\"valueRequired\":true,\"valueName\":\"search_term_string\"}}],\"inLanguage\":\"de\"}]}<\/script>\n<!-- \/ Yoast SEO plugin. -->","yoast_head_json":{"title":"Kredit von Barclaycard","robots":{"index":"index","follow":"follow","max-snippet":"max-snippet:-1","max-image-preview":"max-image-preview:large","max-video-preview":"max-video-preview:-1"},"canonical":"https:\/\/www.kredit-vergleich24.com\/barclaycard\/","twitter_misc":{"Gesch\u00e4tzte Lesezeit":"2\u00a0Minuten"},"schema":{"@context":"https:\/\/schema.org","@graph":[{"@type":"WebPage","@id":"http:\/\/www.das-elena-verfahren.de\/kreditvergleich\/barclaycard\/","url":"https:\/\/www.kredit-vergleich24.com\/barclaycard\/","name":"Kredit von Barclaycard","isPartOf":{"@id":"http:\/\/www.das-elena-verfahren.de\/kreditvergleich\/#website"},"primaryImageOfPage":{"@id":"https:\/\/www.kredit-vergleich24.com\/barclaycard\/#primaryimage"},"image":{"@id":"https:\/\/www.kredit-vergleich24.com\/barclaycard\/#primaryimage"},"thumbnailUrl":"http:\/\/www.das-elena-verfahren.de\/kreditvergleich\/wp-content\/uploads\/barclaycard.jpg","datePublished":"2014-12-21T14:21:32+00:00","dateModified":"2017-09-11T17:25:29+00:00","breadcrumb":{"@id":"https:\/\/www.kredit-vergleich24.com\/barclaycard\/#breadcrumb"},"inLanguage":"de","potentialAction":[{"@type":"ReadAction","target":["https:\/\/www.kredit-vergleich24.com\/barclaycard\/"]}]},{"@type":"ImageObject","inLanguage":"de","@id":"https:\/\/www.kredit-vergleich24.com\/barclaycard\/#primaryimage","url":"http:\/\/www.das-elena-verfahren.de\/kreditvergleich\/wp-content\/uploads\/barclaycard.jpg","contentUrl":"http:\/\/www.das-elena-verfahren.de\/kreditvergleich\/wp-content\/uploads\/barclaycard.jpg","width":3780,"height":945,"caption":"Barclaycard"},{"@type":"BreadcrumbList","@id":"https:\/\/www.kredit-vergleich24.com\/barclaycard\/#breadcrumb","itemListElement":[{"@type":"ListItem","position":1,"name":"Startseite","item":"http:\/\/www.das-elena-verfahren.de\/kreditvergleich\/"},{"@type":"ListItem","position":2,"name":"Barclaycard"}]},{"@type":"WebSite","@id":"http:\/\/www.das-elena-verfahren.de\/kreditvergleich\/#website","url":"http:\/\/www.das-elena-verfahren.de\/kreditvergleich\/","name":"Kredit-Vergleich24.com","description":"Kreditvergleich kostenlos","potentialAction":[{"@type":"SearchAction","target":{"@type":"EntryPoint","urlTemplate":"http:\/\/www.das-elena-verfahren.de\/kreditvergleich\/?s={search_term_string}"},"query-input":{"@type":"PropertyValueSpecification","valueRequired":true,"valueName":"search_term_string"}}],"inLanguage":"de"}]}},"_links":{"self":[{"href":"http:\/\/www.das-elena-verfahren.de\/kreditvergleich\/wp-json\/wp\/v2\/pages\/600","targetHints":{"allow":["GET"]}}],"collection":[{"href":"http:\/\/www.das-elena-verfahren.de\/kreditvergleich\/wp-json\/wp\/v2\/pages"}],"about":[{"href":"http:\/\/www.das-elena-verfahren.de\/kreditvergleich\/wp-json\/wp\/v2\/types\/page"}],"author":[{"embeddable":true,"href":"http:\/\/www.das-elena-verfahren.de\/kreditvergleich\/wp-json\/wp\/v2\/users\/2"}],"replies":[{"embeddable":true,"href":"http:\/\/www.das-elena-verfahren.de\/kreditvergleich\/wp-json\/wp\/v2\/comments?post=600"}],"version-history":[{"count":0,"href":"http:\/\/www.das-elena-verfahren.de\/kreditvergleich\/wp-json\/wp\/v2\/pages\/600\/revisions"}],"wp:attachment":[{"href":"http:\/\/www.das-elena-verfahren.de\/kreditvergleich\/wp-json\/wp\/v2\/media?parent=600"}],"curies":[{"name":"wp","href":"https:\/\/api.w.org\/{rel}","templated":true}]}}