{"id":571,"date":"2014-12-21T14:57:44","date_gmt":"2014-12-21T13:57:44","guid":{"rendered":"http:\/\/neu.kredit-vergleich24.com\/?page_id=571"},"modified":"2017-09-11T18:30:19","modified_gmt":"2017-09-11T17:30:19","slug":"privatkredit","status":"publish","type":"page","link":"http:\/\/www.das-elena-verfahren.de\/kreditvergleich\/privatkredit\/","title":{"rendered":"Privatkredit &#8211; vielseitig verwendbar und unkompliziert zu beantragen"},"content":{"rendered":"<p>Bereits seit einigen Jahren entwickelt sich eine Alternative zu den <a title=\"klassischen Krediten\" href=\"http:\/\/www.das-elena-verfahren.de\/kreditvergleich\/\">klassischen Krediten<\/a> von Banken: die Peer-to-Peer-Finanzierungen. Hierbei handelt es sich um Kredite, die aus Mitteln privater Personen ausgereicht werden. Diese Investoren k\u00f6nnen ihr Geld \u00fcber spezielle Plattformen in Fonds anlegen, aus denen dann die Kredite ausgereicht werden, oder direkt in Finanzierungsprojekte einsteigen. Die Abwicklung erfolgt meist unter Einschaltung einer Partnerbank, die \u00fcber die notwendige Erlaubnis nach Kreditwesengesetz verf\u00fcgt und die Abl\u00e4ufe \u00fcberwacht. Die Partnerbank kann unter anderem auch in unserem <a title=\"Kreditvergleich\" href=\"http:\/\/www.das-elena-verfahren.de\/kreditvergleich\/\">Kreditvergleich<\/a> auftauchen.<\/p>\n<h2>Privatkredit &#8211; spezielle Marktpl\u00e4tze zur Vermittlung<\/h2>\n<p><img loading=\"lazy\" decoding=\"async\" class=\"alignright size-medium wp-image-817\" src=\"http:\/\/www.das-elena-verfahren.de\/kreditvergleich\/wp-content\/uploads\/privatkredit-300x200.jpg\" alt=\"\u00dcbergabe Privatkredit\" width=\"300\" height=\"200\" srcset=\"http:\/\/www.das-elena-verfahren.de\/kreditvergleich\/wp-content\/uploads\/privatkredit-300x200.jpg 300w, http:\/\/www.das-elena-verfahren.de\/kreditvergleich\/wp-content\/uploads\/privatkredit.jpg 424w\" sizes=\"auto, (max-width: 300px) 100vw, 300px\" \/>Zun\u00e4chst wurden die Entwicklungen misstrauisch beobachtet, inzwischen konnten sich l\u00e4ngst einige Marktpl\u00e4tze f\u00fcr private Kredite etablieren. Nicht nur f\u00fcr die Kreditsuchenden haben sich so interessante M\u00f6glichkeiten au\u00dferhalb des Bankensektors entwickelt, auch f\u00fcr die Anleger ergeben sich rentable Chancen, ihr Geld effektiv arbeiten zu lassen. Die Recherche im Internet wird Ihnen einige gro\u00dfe Plattformen f\u00fcr Privatkredite aufzeigen, die bereits seit mehreren Jahren erfolgreich am Markt t\u00e4tig sind. Die Funktionsweise \u00e4hnelt der bei klassischen Bankkrediten, es m\u00fcssen zun\u00e4chst alle relevanten Informationen \u00fcbermittelt werden, um in das Auswahlverfahren integriert zu werden. Passen Ihre Kreditw\u00fcnsche und Ihre finanzielle Situation zu den Vorstellungen der jeweiligen Plattform, wird dort das Finanzierungsvorhaben eingestellt, sodass sich die Investoren damit auseinandersetzen k\u00f6nnen.<\/p>\n<h3>Procedere &#8211; einfach und \u00fcbersichtlich<\/h3>\n<ul>\n<li>\u00dcblicherweise pr\u00e4sentieren Sie sich und Ihr Vorhaben zun\u00e4chst auf der entsprechenden Plattform, die eine grundlegende Pr\u00fcfung Ihrer Bonit\u00e4t vornimmt. Sie ben\u00f6tigen also ebenso umfangreiche Unterlagen, wie das bei einer klassischen Kreditbeantragung der Fall ist.<\/li>\n<li>Interessant ist allerdings, dass Sie geradezu dazu aufgefordert werden, deutlich mehr \u00fcber Ihren Finanzierungswunsch preiszugeben. Die Investoren wollen von Ihrem Vorhaben \u00fcberzeugt werden, was nicht nur durch den Nachweis eines entsprechenden Einkommens gelingt.<\/li>\n<li>Nat\u00fcrlich spielt die Kreditw\u00fcrdigkeit eine wesentliche Rolle, sie wirkt sich direkt auf die Konditionen aus: Je besser Ihre Bonit\u00e4t ist, desto g\u00fcnstiger kann der Privatkredit ausfallen. Alternativ ist es aber auch m\u00f6glich, ohne eine SCHUFA-Auskunft auszukommen. Hier sind Sie besonders gefordert, denn anhand Ihrer finanziellen Situation und vor allem Ihres Vorhabens m\u00fcssen Sie plausibel darstellen, dass Sie den Kredit auch wirklich zur\u00fcckzahlen k\u00f6nnen.<\/li>\n<li>Wird Ihr Projekt angenommen und auf der Plattform pr\u00e4sentiert, k\u00f6nnen sich potenzielle Investoren damit befassen. In der Regel werden mehrere Geldgeber die Mittel f\u00fcr Ihren Kredit zusammentragen, damit werden die Risiken diversifiziert, schlie\u00dflich k\u00f6nnen die Kredite ausfallen. Sie werden weder die Namen noch die Anzahl der Investoren erfahren, diese wiederum nicht an Ihre pers\u00f6nlichen Daten gelangen. Diskretion ist eines der wichtigen Kennzeichen f\u00fcr einen Privatkredit, darauf legen die Plattformen und die Investoren gr\u00f6\u00dften Wert.<\/li>\n<li>Steht das Kapital f\u00fcr Ihren Privatkredit zur Verf\u00fcgung, wird Ihnen ein entsprechendes Angebot unterbreitet, \u00fcber dessen Annahme Sie in aller Ruhe entscheiden k\u00f6nnen.<\/li>\n<li>Dar\u00fcber hinaus haben Sie ein 14-t\u00e4giges Widerrufsrecht.<\/li>\n<li>Kommt der Privatkredit zur Auszahlung, enthalten die monatlichen Raten, die von Ihrem angegebenen Girokonto abgebucht werden, bereits die Geb\u00fchr f\u00fcr die Plattform. Die Geldeing\u00e4nge werden entsprechend des einzelnen Engagements an die verschiedenen Kreditgeber verteilt, um den privaten Kredit sukzessive zur\u00fcckzuf\u00fchren.<\/li>\n<li>Nehmen Sie das Angebot nicht an und es kommt kein Privatkredit zustande, wird die Plattform Ihnen auch keine Geb\u00fchren berechnen<\/li>\n<\/ul>\n<div id=\"1-link-571\" class=\"sh-link 1-link sh-show\"><a href=\"#\" onclick=\"showhide_toggle('1', 571, '- Gibt es Risiken beim Privatkredit?', '+ Gibt es Risiken beim Privatkredit?'); return false;\" aria-expanded=\"true\"><span id=\"1-toggle-571\">- Gibt es Risiken beim Privatkredit?<\/span><\/a><\/div><div id=\"1-content-571\" class=\"sh-content 1-content sh-show\" style=\"display: block;\"><\/p>\n<p><img loading=\"lazy\" decoding=\"async\" class=\"alignright size-medium wp-image-810\" src=\"http:\/\/www.das-elena-verfahren.de\/kreditvergleich\/wp-content\/uploads\/risiko-300x199.jpg\" alt=\"Risiko erkennen\" width=\"300\" height=\"199\" srcset=\"http:\/\/www.das-elena-verfahren.de\/kreditvergleich\/wp-content\/uploads\/risiko-300x199.jpg 300w, http:\/\/www.das-elena-verfahren.de\/kreditvergleich\/wp-content\/uploads\/risiko.jpg 425w\" sizes=\"auto, (max-width: 300px) 100vw, 300px\" \/>Die Vergabe eines Privatkredites h\u00e4ngt ebenso an einer Bonit\u00e4tspr\u00fcfung, wie das bei klassischen Bankkrediten der Fall ist. Ob eine SCHUFA-Abfrage notwendig ist, h\u00e4ngt nicht zuletzt von Ihren pers\u00f6nlichen Voraussetzungen und Ihrem Kreditgesuch ab. Da die Abwicklung \u00fcber spezielle Plattformen und in der Regel mit Hilfe einer Bank funktioniert, haben Sie keine au\u00dfergew\u00f6hnlichen Risiken zu beachten. Nat\u00fcrlich gibt es keine Garantie daf\u00fcr, dass Sie auch wirklich einen Privatkredit erhalten, wenn Sie Ihren Antrag einreichen. Es h\u00e4ngt also in erster Linie von der Darstellung Ihres Kreditwunsches und Ihrer M\u00f6glichkeiten zur R\u00fcckzahlung ab, ob sich ein Investor f\u00fcr die Finanzierung begeistern kann.<\/p>\n<p>Da die Zinsen frei verhandelt werden, k\u00f6nnen die Konditionen f\u00fcr einen Privatkredit deutlich vom allgemeinen Zinsniveau abweichen. Hier spielt wiederum Ihre Bonit\u00e4t die entscheidende Rolle: Kann der Kreditgeber anhand der eingereichten Unterlagen, wie zum Beispiel<\/p>\n<ul>\n<li>den Einkommensnachweisen,<\/li>\n<li>der Aufstellung Ihrer laufenden Kosten und sonstigen Verbindlichkeiten oder<\/li>\n<li>den zus\u00e4tzlichen Sicherheiten,<\/li>\n<\/ul>\n<p>erkennen, dass sein Investment nicht \u00fcberm\u00e4\u00dfig von einem Ausfall bedroht ist, wird er Ihnen auch g\u00fcnstige Konditionen einr\u00e4umen. Je gr\u00f6\u00dfer sich das Risiko f\u00fcr die Geldgeber darstellt, desto h\u00f6her werden die Zinsen unter dem Strich ausfallen, um zumindest einen teilweisen Ausgleich zu erhalten.<\/p>\n<p><img loading=\"lazy\" decoding=\"async\" class=\"alignright size-medium wp-image-818\" src=\"http:\/\/www.das-elena-verfahren.de\/kreditvergleich\/wp-content\/uploads\/pruefung-300x196.jpg\" alt=\"Pr\u00fcfung des Kreditantrags\" width=\"300\" height=\"196\" srcset=\"http:\/\/www.das-elena-verfahren.de\/kreditvergleich\/wp-content\/uploads\/pruefung-300x196.jpg 300w, http:\/\/www.das-elena-verfahren.de\/kreditvergleich\/wp-content\/uploads\/pruefung.jpg 429w\" sizes=\"auto, (max-width: 300px) 100vw, 300px\" \/>Ein weiterer wichtiger Punkt sind die Kreditvertr\u00e4ge, die Sie vor Abschluss einer genauen Pr\u00fcfung unterziehen sollten. Wenn Sie mit einer bereits etablierten Plattform zusammenarbeiten, k\u00f6nnen Sie von verbraucherfreundlichen Vereinbarungen ausgehen, sollten aber trotzdem alle Details ausf\u00fchrlich untersuchen. So sind beispielsweise Sondertilgungen oder vorzeitige K\u00fcndigungsm\u00f6glichkeiten interessant, aber auch die Verfahrensweise bei Zahlungsproblemen. Investieren Sie an dieser Stelle durchaus etwas Zeit, um sich mit allen Einzelheiten vertraut zu machen.<\/p>\n<p>Ihre pers\u00f6nlichen Daten, Unterlagen und Informationen werden in aller Regel mit gr\u00f6\u00dfter Sorgfalt und vertraulich behandelt, wenn Sie sich an einen vertrauensw\u00fcrdigen Marktplatz wenden. Es ist auch nicht vorgesehen, dass die Identit\u00e4ten von Kreditgeber und -nehmer ausgetauscht werden, die Abwicklung erfolgt deswegen f\u00fcr beide Seiten anonym. Auch in dieser Hinsicht gehen Sie keine Risiken ein, wenn Sie einen Privatkredit in Anspruch nehmen.<\/p>\n<p>Das gr\u00f6\u00dfte Risiko f\u00fcr Sie liegt in der Bearbeitungszeit, die sich nicht von vornherein festlegen l\u00e4sst. Gibt es ausreichend Kreditgeber, die interessante Projekte f\u00fcr ein Investment suchen, k\u00f6nnen Sie mit einer schnellen Auszahlung rechnen. St\u00f6\u00dft Ihr Finanzierungsvorhaben auf wenig Interesse, kann sich die Vermittlung durchaus hinziehen oder gar kein Privatkredit zustande kommen. Sie k\u00f6nnen sich also nicht auf eine Bearbeitung innerhalb k\u00fcrzester Zeit verlassen, was die Planbarkeit deutlich schwieriger macht, als dies bei klassischen Ratenkrediten der Fall ist.<\/div>\n<div id=\"2-link-571\" class=\"sh-link 2-link sh-show\"><a href=\"#\" onclick=\"showhide_toggle('2', 571, '- Wer vergibt Privatkredite?', '+ Wer vergibt Privatkredite?'); return false;\" aria-expanded=\"true\"><span id=\"2-toggle-571\">- Wer vergibt Privatkredite?<\/span><\/a><\/div><div id=\"2-content-571\" class=\"sh-content 2-content sh-show\" style=\"display: block;\"><\/p>\n<p>Diese alternative Form der Finanzierung wird von privaten Personen realisiert, die f\u00fcr ihr Kapital eine rentable Anlageform suchen. Sie k\u00f6nnen auf diese Weise deutlich h\u00f6here Zinsen generieren, als dies bei den g\u00e4ngigen Geldanlagen der Fall ist. Allerdings unterliegen die ausgegebenen Kredite nat\u00fcrlich auch einem gewissen Risiko, das sich nur durch eine ausgiebige Bonit\u00e4tspr\u00fcfung minimieren l\u00e4sst. Schon unter diesem Aspekt sollten Sie Ihren Finanzierungswunsch so anschaulich wie m\u00f6glich darlegen, die Sicherheiten plausibel pr\u00e4sentieren und anhand Ihrer pers\u00f6nlichen Daten die R\u00fcckzahlbarkeit des Kredites untermauern.<\/p>\n<p>Die privaten Investoren engagieren sich auf speziellen Plattformen und Marktpl\u00e4tzen, die entweder die direkte Vermittlung von Finanzierungsvorhaben organisieren oder kleinere Geldbetr\u00e4ge in einer Art Fonds einsammeln, um daraus die Privatkredite zu vergeben. Eine \u00e4hnliche Form stellt das sogenannte Crowdfunding dar, bei dem sich viele Investoren mit relativ kleinen Betr\u00e4gen zur Finanzierung gr\u00f6\u00dferer Projekte zusammentun. Diese Privatkredite sind insbesondere f\u00fcr Selbstst\u00e4ndige und Freiberufler eine interessante Alternative, da die Pr\u00fcfung der Vorhaben deutlicher auf das jeweilige Projekt abgestellt wird. Damit spielt also die Kreditw\u00fcrdigkeit des Selbstst\u00e4ndigen zwar eine Rolle, ist das gesamte Vorhaben aber \u00fcberzeugend, kann sehr viel schneller ein Erfolg erzielt werden.<\/div>\n<div id=\"3-link-571\" class=\"sh-link 3-link sh-show\"><a href=\"#\" onclick=\"showhide_toggle('3', 571, '- Welche Unterlagen ben\u00f6tige ich f\u00fcr einen Privatkredit?', '+ Welche Unterlagen ben\u00f6tige ich f\u00fcr einen Privatkredit?'); return false;\" aria-expanded=\"true\"><span id=\"3-toggle-571\">- Welche Unterlagen ben\u00f6tige ich f\u00fcr einen Privatkredit?<\/span><\/a><\/div><div id=\"3-content-571\" class=\"sh-content 3-content sh-show\" style=\"display: block;\"><\/p>\n<p>Wie bei jedem Kreditantrag sollten Sie so ausf\u00fchrlich wie m\u00f6glich Ihre finanzielle Situation darstellen, damit die privaten Investoren das Kreditausfallrisiko beurteilen k\u00f6nnen:<\/p>\n<ul>\n<li>Einkommensnachweise, wie beispielsweise Lohn- und Gehaltsabrechnungen, Renten- oder andere Versorgungsbescheide und f\u00fcr Selbstst\u00e4ndige Steuererkl\u00e4rungen, betriebswirtschaftliche Auswertungen sowie Ertragsvorschauen<\/li>\n<li>Aufstellung aller laufenden Kosten sowie weiterer Verbindlichkeiten und vorhandener Verm\u00f6genswerte<\/li>\n<li>Darstellung des Finanzierungsvorhabens mit Kredith\u00f6he und Laufzeit<\/li>\n<li>Berechnung der monatlichen Liquidit\u00e4t in Form einer Selbstauskunft<\/li>\n<\/ul>\n<p><img loading=\"lazy\" decoding=\"async\" class=\"alignright size-medium wp-image-812\" src=\"http:\/\/www.das-elena-verfahren.de\/kreditvergleich\/wp-content\/uploads\/kreditunterlagen-300x200.jpg\" alt=\"Kreditunterlagen\" width=\"300\" height=\"200\" srcset=\"http:\/\/www.das-elena-verfahren.de\/kreditvergleich\/wp-content\/uploads\/kreditunterlagen-300x200.jpg 300w, http:\/\/www.das-elena-verfahren.de\/kreditvergleich\/wp-content\/uploads\/kreditunterlagen.jpg 425w\" sizes=\"auto, (max-width: 300px) 100vw, 300px\" \/>Sollten Sie gr\u00f6\u00dfere Anschaffungen mit dem Privatkredit t\u00e4tigen wollen, erkl\u00e4ren Sie bitte das Vorhaben bis ins Detail. Dazu ist es immer sinnvoll, sich in die Position des Kreditgebers zu versetzen und die eigenen Anspr\u00fcche an die Nachvollziehbarkeit der Angaben zu beachten. Insbesondere bei Selbstst\u00e4ndigen und Freiberuflern ist es wichtig, dass der Investor mit belastbaren Prognosen zur k\u00fcnftigen Einkommensentwicklung versorgt wird. Wollen Sie also bestimmte Maschinen oder Ausr\u00fcstungen finanzieren, f\u00fchren Sie die damit zu erzielenden Ums\u00e4tze plausibel aus. Wenn Sie die M\u00f6glichkeit haben, Vorvertr\u00e4ge oder bereits Auftr\u00e4ge nachzuweisen, erh\u00f6ht das die Erfolgsaussichten f\u00fcr Ihr Vorhaben enorm.<\/p>\n<p>Dann sollten Sie neben den einschl\u00e4gigen Kalkulationen f\u00fcr Ihre Dienstleistungen oder Produkte auch fundierte Angaben zum Marktpotenzial im Vergleich zu den Mitbewerbern, zur Vertriebsstrategie und vor allem zu den Alleinstellungsmerkmalen vorweisen k\u00f6nnen. Im Prinzip empfiehlt sich ein professioneller Businessplan, der die Tragf\u00e4higkeit Ihres Konzeptes aus verschiedenen Blickwinkeln untersucht.<\/div>\n<div id=\"4-link-571\" class=\"sh-link 4-link sh-show\"><a href=\"#\" onclick=\"showhide_toggle('4', 571, '- Kann ich einen Privatkredit vorzeitig abl\u00f6sen?', '+ Kann ich einen Privatkredit vorzeitig abl\u00f6sen?'); return false;\" aria-expanded=\"true\"><span id=\"4-toggle-571\">- Kann ich einen Privatkredit vorzeitig abl\u00f6sen?<\/span><\/a><\/div><div id=\"4-content-571\" class=\"sh-content 4-content sh-show\" style=\"display: block;\"><\/p>\n<p>Die vertraglichen Regelungen bei Privatkrediten sind zwar an einige Kriterien gebunden, k\u00f6nnen aber doch individuell ausfallen. Bei herk\u00f6mmlichen Ratenkrediten steht der jeweiligen Bank eine Vorf\u00e4lligkeitsentsch\u00e4digung zu, wenn Sie die Kredite ganz oder teilweise vorzeitig abl\u00f6sen, was Sie jederzeit tun k\u00f6nnen. Achten Sie also bei Abschluss eines Privatkredites auf die einzelnen Regelungen zu diesen Punkten. Nat\u00fcrlich kann auch ein privater Kreditgeber darauf bestehen, dass er f\u00fcr die durch die vorzeitige Tilgung entgangenen Zinseinnahmen zumindest eine teilweise Entsch\u00e4digung erh\u00e4lt.<\/p>\n<p>Der Gesetzgeber sieht bei Ratenkrediten f\u00fcr diese F\u00e4lle Obergrenzen vor:<\/p>\n<ul>\n<li>Betr\u00e4gt die Restlaufzeit eines Ratenkredites weniger als 12 Monate, kann der Kreditgeber bis zu ein Prozent der noch offen stehenden Summe verlangen.<\/li>\n<li>W\u00fcrde der Kredit noch mehr als 12 Monate laufen, darf er nicht mehr als 0,5 Prozent des Restsaldos als Entsch\u00e4digung erheben.<\/li>\n<\/ul>\n<p>Privatkredite werden selbstverst\u00e4ndlich auch abweichend vereinbart, vor allem wenn sich ein Investor direkt engagiert. W\u00e4gen Sie deswegen im Vorfeld genau ab, ob eine Sonder- oder vorzeitige Tilgung f\u00fcr Sie \u00fcberhaupt in Frage kommt. Wenn Sie darauf Wert legen, verhandeln Sie diesen Punkt entsprechend Ihrer Vorstellungen, wobei Sie nat\u00fcrlich einen Kompromiss finden sollten. Schlie\u00dflich verleiht Ihnen ein fremder Mensch Geld, wo Banken oder Kreditinstitute sich verweigert haben. Es gilt also ein Gleichgewicht der verschiedenen Interessen zu wahren.<\/div>\n","protected":false},"excerpt":{"rendered":"<p>Bereits seit einigen Jahren entwickelt sich eine Alternative zu den klassischen Krediten von Banken: die Peer-to-Peer-Finanzierungen. Hierbei handelt es sich um Kredite, die aus Mitteln privater Personen ausgereicht werden. Diese Investoren k\u00f6nnen ihr Geld \u00fcber spezielle Plattformen in Fonds anlegen, aus denen dann die Kredite ausgereicht werden, oder direkt in Finanzierungsprojekte einsteigen. Die Abwicklung erfolgt [&hellip;]<\/p>\n","protected":false},"author":2,"featured_media":0,"parent":0,"menu_order":0,"comment_status":"open","ping_status":"closed","template":"","meta":{"_acf_changed":false,"footnotes":""},"class_list":["post-571","page","type-page","status-publish","hentry"],"acf":[],"yoast_head":"<!-- This site is optimized with the Yoast SEO plugin v24.6 - https:\/\/yoast.com\/wordpress\/plugins\/seo\/ -->\n<title>Privatkredit Vergleich \u25b7 Seri\u00f6se Angebote im kostenlosen Check<\/title>\n<meta name=\"description\" content=\"Privatkredit Vergleich \u2713 Seri\u00f6se Privat-Angebote im Vergleich \u2713 100% kostenlos \u2713 Neben Banken auch Vermittlungs-Plattformen \u2713 Niedrige Zinsen\" \/>\n<meta name=\"robots\" content=\"index, follow, max-snippet:-1, max-image-preview:large, max-video-preview:-1\" \/>\n<link rel=\"canonical\" href=\"https:\/\/www.kredit-vergleich24.com\/privatkredit\/\" \/>\n<meta name=\"twitter:label1\" content=\"Gesch\u00e4tzte Lesezeit\" \/>\n\t<meta name=\"twitter:data1\" content=\"9\u00a0Minuten\" \/>\n<script type=\"application\/ld+json\" class=\"yoast-schema-graph\">{\"@context\":\"https:\/\/schema.org\",\"@graph\":[{\"@type\":\"WebPage\",\"@id\":\"http:\/\/www.das-elena-verfahren.de\/kreditvergleich\/privatkredit\/\",\"url\":\"https:\/\/www.kredit-vergleich24.com\/privatkredit\/\",\"name\":\"Privatkredit Vergleich \u25b7 Seri\u00f6se Angebote im kostenlosen Check\",\"isPartOf\":{\"@id\":\"http:\/\/www.das-elena-verfahren.de\/kreditvergleich\/#website\"},\"primaryImageOfPage\":{\"@id\":\"https:\/\/www.kredit-vergleich24.com\/privatkredit\/#primaryimage\"},\"image\":{\"@id\":\"https:\/\/www.kredit-vergleich24.com\/privatkredit\/#primaryimage\"},\"thumbnailUrl\":\"http:\/\/www.das-elena-verfahren.de\/kreditvergleich\/wp-content\/uploads\/privatkredit-300x200.jpg\",\"datePublished\":\"2014-12-21T13:57:44+00:00\",\"dateModified\":\"2017-09-11T17:30:19+00:00\",\"description\":\"Privatkredit Vergleich \u2713 Seri\u00f6se Privat-Angebote im Vergleich \u2713 100% kostenlos \u2713 Neben Banken auch Vermittlungs-Plattformen \u2713 Niedrige Zinsen\",\"breadcrumb\":{\"@id\":\"https:\/\/www.kredit-vergleich24.com\/privatkredit\/#breadcrumb\"},\"inLanguage\":\"de\",\"potentialAction\":[{\"@type\":\"ReadAction\",\"target\":[\"https:\/\/www.kredit-vergleich24.com\/privatkredit\/\"]}]},{\"@type\":\"ImageObject\",\"inLanguage\":\"de\",\"@id\":\"https:\/\/www.kredit-vergleich24.com\/privatkredit\/#primaryimage\",\"url\":\"http:\/\/www.das-elena-verfahren.de\/kreditvergleich\/wp-content\/uploads\/privatkredit.jpg\",\"contentUrl\":\"http:\/\/www.das-elena-verfahren.de\/kreditvergleich\/wp-content\/uploads\/privatkredit.jpg\",\"width\":424,\"height\":283,\"caption\":\"\u00dcbergabe Privatkredit\"},{\"@type\":\"BreadcrumbList\",\"@id\":\"https:\/\/www.kredit-vergleich24.com\/privatkredit\/#breadcrumb\",\"itemListElement\":[{\"@type\":\"ListItem\",\"position\":1,\"name\":\"Startseite\",\"item\":\"http:\/\/www.das-elena-verfahren.de\/kreditvergleich\/\"},{\"@type\":\"ListItem\",\"position\":2,\"name\":\"Privatkredit &#8211; vielseitig verwendbar und unkompliziert zu beantragen\"}]},{\"@type\":\"WebSite\",\"@id\":\"http:\/\/www.das-elena-verfahren.de\/kreditvergleich\/#website\",\"url\":\"http:\/\/www.das-elena-verfahren.de\/kreditvergleich\/\",\"name\":\"Kredit-Vergleich24.com\",\"description\":\"Kreditvergleich kostenlos\",\"potentialAction\":[{\"@type\":\"SearchAction\",\"target\":{\"@type\":\"EntryPoint\",\"urlTemplate\":\"http:\/\/www.das-elena-verfahren.de\/kreditvergleich\/?s={search_term_string}\"},\"query-input\":{\"@type\":\"PropertyValueSpecification\",\"valueRequired\":true,\"valueName\":\"search_term_string\"}}],\"inLanguage\":\"de\"}]}<\/script>\n<!-- \/ Yoast SEO plugin. -->","yoast_head_json":{"title":"Privatkredit Vergleich \u25b7 Seri\u00f6se Angebote im kostenlosen Check","description":"Privatkredit Vergleich \u2713 Seri\u00f6se Privat-Angebote im Vergleich \u2713 100% kostenlos \u2713 Neben Banken auch Vermittlungs-Plattformen \u2713 Niedrige Zinsen","robots":{"index":"index","follow":"follow","max-snippet":"max-snippet:-1","max-image-preview":"max-image-preview:large","max-video-preview":"max-video-preview:-1"},"canonical":"https:\/\/www.kredit-vergleich24.com\/privatkredit\/","twitter_misc":{"Gesch\u00e4tzte Lesezeit":"9\u00a0Minuten"},"schema":{"@context":"https:\/\/schema.org","@graph":[{"@type":"WebPage","@id":"http:\/\/www.das-elena-verfahren.de\/kreditvergleich\/privatkredit\/","url":"https:\/\/www.kredit-vergleich24.com\/privatkredit\/","name":"Privatkredit Vergleich \u25b7 Seri\u00f6se Angebote im kostenlosen Check","isPartOf":{"@id":"http:\/\/www.das-elena-verfahren.de\/kreditvergleich\/#website"},"primaryImageOfPage":{"@id":"https:\/\/www.kredit-vergleich24.com\/privatkredit\/#primaryimage"},"image":{"@id":"https:\/\/www.kredit-vergleich24.com\/privatkredit\/#primaryimage"},"thumbnailUrl":"http:\/\/www.das-elena-verfahren.de\/kreditvergleich\/wp-content\/uploads\/privatkredit-300x200.jpg","datePublished":"2014-12-21T13:57:44+00:00","dateModified":"2017-09-11T17:30:19+00:00","description":"Privatkredit Vergleich \u2713 Seri\u00f6se Privat-Angebote im Vergleich \u2713 100% kostenlos \u2713 Neben Banken auch Vermittlungs-Plattformen \u2713 Niedrige Zinsen","breadcrumb":{"@id":"https:\/\/www.kredit-vergleich24.com\/privatkredit\/#breadcrumb"},"inLanguage":"de","potentialAction":[{"@type":"ReadAction","target":["https:\/\/www.kredit-vergleich24.com\/privatkredit\/"]}]},{"@type":"ImageObject","inLanguage":"de","@id":"https:\/\/www.kredit-vergleich24.com\/privatkredit\/#primaryimage","url":"http:\/\/www.das-elena-verfahren.de\/kreditvergleich\/wp-content\/uploads\/privatkredit.jpg","contentUrl":"http:\/\/www.das-elena-verfahren.de\/kreditvergleich\/wp-content\/uploads\/privatkredit.jpg","width":424,"height":283,"caption":"\u00dcbergabe Privatkredit"},{"@type":"BreadcrumbList","@id":"https:\/\/www.kredit-vergleich24.com\/privatkredit\/#breadcrumb","itemListElement":[{"@type":"ListItem","position":1,"name":"Startseite","item":"http:\/\/www.das-elena-verfahren.de\/kreditvergleich\/"},{"@type":"ListItem","position":2,"name":"Privatkredit &#8211; vielseitig verwendbar und unkompliziert zu beantragen"}]},{"@type":"WebSite","@id":"http:\/\/www.das-elena-verfahren.de\/kreditvergleich\/#website","url":"http:\/\/www.das-elena-verfahren.de\/kreditvergleich\/","name":"Kredit-Vergleich24.com","description":"Kreditvergleich kostenlos","potentialAction":[{"@type":"SearchAction","target":{"@type":"EntryPoint","urlTemplate":"http:\/\/www.das-elena-verfahren.de\/kreditvergleich\/?s={search_term_string}"},"query-input":{"@type":"PropertyValueSpecification","valueRequired":true,"valueName":"search_term_string"}}],"inLanguage":"de"}]}},"_links":{"self":[{"href":"http:\/\/www.das-elena-verfahren.de\/kreditvergleich\/wp-json\/wp\/v2\/pages\/571","targetHints":{"allow":["GET"]}}],"collection":[{"href":"http:\/\/www.das-elena-verfahren.de\/kreditvergleich\/wp-json\/wp\/v2\/pages"}],"about":[{"href":"http:\/\/www.das-elena-verfahren.de\/kreditvergleich\/wp-json\/wp\/v2\/types\/page"}],"author":[{"embeddable":true,"href":"http:\/\/www.das-elena-verfahren.de\/kreditvergleich\/wp-json\/wp\/v2\/users\/2"}],"replies":[{"embeddable":true,"href":"http:\/\/www.das-elena-verfahren.de\/kreditvergleich\/wp-json\/wp\/v2\/comments?post=571"}],"version-history":[{"count":0,"href":"http:\/\/www.das-elena-verfahren.de\/kreditvergleich\/wp-json\/wp\/v2\/pages\/571\/revisions"}],"wp:attachment":[{"href":"http:\/\/www.das-elena-verfahren.de\/kreditvergleich\/wp-json\/wp\/v2\/media?parent=571"}],"curies":[{"name":"wp","href":"https:\/\/api.w.org\/{rel}","templated":true}]}}